{"text_format":"1","workbook":"xlsx","n_sheets":8,"sheets":["Risk Lookup","input","Redding","Lancaster","Fresno","Ontario","San Diego","San Jose"],"not_rendered":{"charts":0,"images":0,"macros":1,"external_links":0,"defined_names":1,"comments":0,"pivot_tables":0},"unopened":[],"bounds":{"document_bytes":16777216,"sheet_cells":100000,"rows_first":2000,"rows_last":500,"rows_between":2000,"halvings":0,"cell_chars":16384,"cell_head_chars":4096},"cells_cut":0,"cells_raw":0,"read":"whole","date_system":"1900"}

{"sheet":"Risk Lookup","index":0,"n_rows":19,"n_cols":4,"rows_kept":19,"cut":false,"hidden":false,"merged":[[8,3,8,11],[9,3,9,11],[10,3,10,11],[0,1,0,11],[11,3,18,11],[3,3,3,10],[4,3,4,10],[1,3,1,11],[2,3,2,11],[5,3,5,11],[6,3,6,11],[7,3,7,11]]}
[null,"2022 CARB & CAPCOA Gasoline Service Station Industrywide Risk Assessment Look-up Tool\nVersion 1.0 - February 18, 2022"]
[null,"Required Value","User Defined Input ","Instructions"]
[null,"Annual Throughput\n(gallons/year)",null,"Enter your gas station's annual throughput in gallons of gasoline dispensed per year."]
[null,"Hourly Dispensing Throughput\n(gallons/hour)",{"$f":"IF($L$4=\"\",IF($C$3=\"\",\"\",input!$T$8),$L$4)","v":""},"The tool will calculate the maximum hourly vehicle fueling throughput based on annual throughput as defined by Table 10 of the 2020 Gasoline Service Station Industrywide Risk Assessment Technical Guidance Document (Technical Guidance). If a different value is desired please enter it into cell L4."]
[null,"Hourly Loading Throughput\n(gallons/hour)",{"$f":"IF($L$5=\"\",IF($C$3=\"\",\"\",input!$S$8),$L$5)","v":""},"The tool will calculate the maximum hourly loading throughput based on annual throughput as defined by Table 10 of the Technical Guidance. If a different value is desired please enter it into cell L5."]
[null,"Meteorological Data",null,"Select appropriate meteorological data. Met sets provided include 2 rural (Redding and Lancaster) and 4 urban (Fresno, Ontario, San Diego, and San Jose) locations. Use whichever best correlates to your location.  If you would like to use site-specific meteorological data please refer to the Variable Met Tool. "]
[null,"Distance to Nearest Resident\n(meters)",null,"Enter the distance to the nearest residential receptor in meters as measured from the edge of the station canopy.  Please note that the value must be between 10 and 1000 meters.  The distance you input will round down to the nearest receptor distance used in the Technical Guidance (e.g., 19m will return value at 10m distance). "]
[null,"Distance to Nearest Business\n(meters)",null,"Enter the distance to the nearest worker receptor in meters as measured from the edge of the station canopy.  Please note that the value must be between 10 and 1000 meters.  The distance you input will round down to the nearest receptor distance used in the Technical Guidance (e.g., 19m will return value at 10m distance). "]
[null,"Distance to Acute Receptor\n(meters)",null,"Enter the distance where acute impacts are expected in meters as measured from the edge of the station canopy. This can be the distance to the property boundary, nearest resident, nearest worker, or any other user defined location.  Please note that the value must be between 10 and 1000 meters.  The distance you input will round down to the nearest receptor distance used in the Technical Guidance (e.g., 19m will return value at 10m distance). "]
[null,"Control Scenario",null,"Select the appropriate control scenario for your gas station. Please refer to technical Guidance for an explanation of the different control scenarios. Almost all gas stations in California are equipped with EVR Phase I and EVR Phase II controls. "]
[null,"Include Building Downwash \nAdjustments",null,"Building downwash may over estimate risk results.  High results should be investigated further through site-specific health risk assessment. "]
[]
[null,"Risk Value","Results"]
[null,"Max Residential Cancer Risk \n(chances/million)",{"$f":"IF(OR($C$3=\"\",$C$6=\"\",$C$7=\"\",$C$10=\"\"),\"\",input!$P$9*VLOOKUP($C$7,INDIRECT(\"'\"&$C$6&\"'!$A$3:$AJ$31\"),INDIRECT(\"input!b9\")+1,TRUE)*$C$3/1000000)","v":""}]
[null,"Max Worker Cancer Risk \n(chances/million)",{"$f":"IF(OR($C$3=\"\",$C$6=\"\",$C$8=\"\",$C$10=\"\"),\"\",input!$P$9*VLOOKUP($C$8,INDIRECT(\"'\"&$C$6&\"'!$A$3:$AJ$31\"),INDIRECT(\"input!b9\")+29,TRUE)*$C$3/1000000)","v":""}]
[null,"Chronic HI ",{"$f":"IF(OR(C3=\"\",C6=\"\",C7=\"\",C10=\"\"),\"\",IF($C$7<=$C$8,(input!$P$9*VLOOKUP($C$7,INDIRECT(\"'\"&$C$6&\"'!$A$3:$AJ$32\"),INDIRECT(\"input!b9\")+8,TRUE)*$C$3/1000000),(input!$P$9*VLOOKUP($C$8,INDIRECT(\"'\"&$C$6&\"'!$A$3:$AJ$32\"),INDIRECT(\"input!b9\")+8,TRUE)*$C$3/1000000)))","v":""}]
[null,"Acute Loading ",{"$f":"IF(OR(C5=\"\",C6=\"\",C9=\"\",C10=\"\"),\"\",VLOOKUP($C$9,INDIRECT(\"'\"&$C$6&\"'!$A$3:$AJ$32\"),INDIRECT(\"input!b9\")*2+14,TRUE)*$C$5/8800)","v":""}]
[null,"Acute Fueling",{"$f":"IF(OR(C4=\"\",C6=\"\",C9=\"\",C10=\"\"),\"\",VLOOKUP($C$9,INDIRECT(\"'\"&$C$6&\"'!$A$3:$AJ$32\"),INDIRECT(\"input!b9\")*2+15,TRUE)*$C$4/1000)","v":""}]
[null,"Acute  HI ",{"$f":"IF(AND(C17=\"\",C18=\"\"),\"\",input!$P$19*SUM(C17:C18))","v":""}]

{"sheet":"input","index":1,"n_rows":19,"n_cols":20,"rows_kept":19,"cut":false,"hidden":true,"merged":[]}
["Redding",null,"EVR Phase I & EVR Phase II","Residential","yes",null,"Annual Average Building downwash adjustment factors ",null,null,null,null,null,null,null,null,null,null,"Max hourly throughputs "]
["Fresno",null,"EVR Phase I & pre-EVR Phase II","Worker","no",null,"receptor distance\\control scenario",1,2,3,4,5,6,7,null,null,null,"annual throuhgput ","max hourly loading ","max hourly refueling "]
["Lancaster",null,"EVR Phase I only & ORVR vehicles only",null,null,null,50,1.25,1.4,1.1499999999999999,1.25,1.3,1.45,1.3,null,null,null,0,8800,500]
["Ontario",null,"EVR Phase I only",null,null,null,100,1.2,1.3,1.1000000000000001,1.2,1.2,1.35,1.25,null,null,null,1000000,8800,700]
["San Diego",null,"pre-EVR Phase I and pre-EVR Phase II",null,null,null,200,1.1499999999999999,1.25,1.1000000000000001,1.1499999999999999,1.1499999999999999,1.25,1.2,null,null,null,3000000,8880,1000]
["San Jose",null,"pre-EVR Phase I only & ORVR vehicles only",null,null,null,300,1.05,1.05,1.05,1.05,1.05,1.1000000000000001,1.05,null,null,null,5000000,8800,2000]
[null,null,"pre-EVR Phase I only",null,null,null,">300 m",1,1,1,1,1,1,1,null,null,null,10000000,8800,4000]
[null,null,null,null,null,null,null,null,null,null,null,null,null,null,null,"adjustment",null,"selected ",{"$f":"IF('Risk Lookup'!$C$3<input!$R$4,input!S3,IF('Risk Lookup'!$C$3<input!$R$5,input!S4,IF('Risk Lookup'!$C$3<input!$R$6,input!S5,IF('Risk Lookup'!$C$3<input!$R$7,input!S6,input!S7))))","v":8800},{"$f":"IF('Risk Lookup'!$C$3<input!$R$4,input!T3,IF('Risk Lookup'!$C$3<input!$R$5,input!T4,IF('Risk Lookup'!$C$3<input!$R$6,input!T5,IF('Risk Lookup'!$C$3<input!$R$7,input!T6,input!T7))))","v":500}]
[null,{"$f":"IF('Risk Lookup'!C10=input!C1,1,IF('Risk Lookup'!C10=input!C2,2,IF('Risk Lookup'!C10=input!C3,3,IF('Risk Lookup'!C10=input!C4,4,IF('Risk Lookup'!C10=input!C5,5,IF('Risk Lookup'!C10=input!C6,6,IF('Risk Lookup'!C10=input!C7,7,\"\")))))))","v":""},null,null,null,null,{"$f":"'Risk Lookup'!$C$7","v":0},{"$f":"IF($G$9<=$G$3,H3,IF($G$9<=$G$4,H4,IF($G$9<=$G$5,H5,IF($G$9<=$G$6,H6,H7))))","v":1.25},{"$f":"IF($G$9<=$G$3,I3,IF($G$9<=$G$4,I4,IF($G$9<=$G$5,I5,IF($G$9<=$G$6,I6,I7))))","v":1.4},1.1499999999999999,1.25,1.3,1.45,1.3,null,{"$f":"IF('Risk Lookup'!$C$11=\"no\",1,IF('Risk Lookup'!$C$10=input!$C$1,input!H9,IF('Risk Lookup'!$C$10=input!$C$2,input!I9,IF('Risk Lookup'!$C$10=input!$C$3,input!J9,IF('Risk Lookup'!$C$10=input!$C$4,input!K9,IF('Risk Lookup'!$C$10=input!$C$5,input!L9,IF('Risk Lookup'!$C$10=input!$C$6,input!M9,IF('Risk Lookup'!$C$10=input!$C$7,input!N9,1))))))))","v":1}]
[]
[null,null,null,null,null,null,"Max hourly Building downwash adjustment factors "]
[null,null,null,null,null,null,"receptor distance\\control scenario",1,2,3,4,5,6,7]
[null,null,null,null,null,null,60,4.25,3.3,3.55,2.75,4.25,4.25,3.5]
[null,null,null,null,null,null,150,4.8499999999999996,2.73,3.06,2.09,3.88,3.91,3.01]
[null,null,null,null,null,null,200,3.9,3.05,3.3,2.5499999999999998,3.98,3.9,3.25]
[null,null,null,null,null,null,300,2.0499999999999998,1.75,1.85,1.55,2.0499999999999998,2.0499999999999998,1.8]
[null,null,null,null,null,null,">300 m",1,1,1,1,1,1,1]
[null,null,null,null,null,null,null,null,null,null,null,null,null,null,null,"adjustment"]
[null,null,null,null,null,null,{"$f":"'Risk Lookup'!$C$7","v":0},{"$f":"IF($G$9<=$G$3,H13,IF($G$9<=$G$4,H14,IF($G$9<=$G$5,H15,IF($G$9<=$G$6,H16,H17))))","v":4.25},{"$f":"IF($G$9<=$G$3,I13,IF($G$9<=$G$4,I14,IF($G$9<=$G$5,I15,IF($G$9<=$G$6,I16,I17))))","v":3.3},3.55,2.75,4.25,4.25,3.5,null,{"$f":"IF('Risk Lookup'!$C$11=\"no\",1,IF('Risk Lookup'!$C$10=input!$C$1,input!H19,IF('Risk Lookup'!$C$10=input!$C$2,input!I19,IF('Risk Lookup'!$C$10=input!$C$3,input!J19,IF('Risk Lookup'!$C$10=input!$C$4,input!K19,IF('Risk Lookup'!$C$10=input!$C$5,input!L19,IF('Risk Lookup'!$C$10=input!$C$6,input!M19,IF('Risk Lookup'!$C$10=input!$C$7,input!N19,1))))))))","v":1}]

{"sheet":"Redding","index":2,"n_rows":32,"n_cols":36,"rows_kept":32,"cut":false,"hidden":true,"merged":[[0,29,1,35],[0,0,2,0],[0,1,1,7],[0,8,1,14],[1,27,1,28],[0,15,0,28],[1,15,1,16],[1,17,1,18],[1,19,1,20],[1,21,1,22],[1,23,1,24],[1,25,1,26]]}
["Receptor Distance ","Max Cancer Risk ",null,null,null,null,null,null,"Chronic ",null,null,null,null,null,null,"Acute ",null,null,null,null,null,null,null,null,null,null,null,null,null,"Worker Cancer Risk"]
[null,null,null,null,null,null,null,null,null,null,null,null,null,null,null,"Scenario 1 ",null,"Scenario 2",null,"Scenario 3",null,"Scenario 4",null,"Scenario 5",null,"Scenario 6",null,"Scenario 7"]
[null,"Scenario 1","Scenario 2","Scenario 3","Scenario 4","Scenario 5","Scenario 6","Scenario 7","Scenario 1","Scenario 2","Scenario 3","Scenario 4","Scenario 5","Scenario 6","Scenario 7","Loading ","Dispensing","Loading ","Dispensing","Loading ","Dispensing","Loading ","Dispensing","Loading ","Dispensing","Loading ","Dispensing","Loading ","Dispensing","Scenario 1","Scenario 2","Scenario 3","Scenario 4","Scenario 5","Scenario 6","Scenario 7"]
[10,8.8710821427580591,19.122718173761353,27.698860602365272,43.481101226916067,20.646614891397441,29.221739325583748,45.003979950134536,3.3315338589625383E-2,7.5634194727729684E-2,0.10950541412338623,0.18552783136249495,8.2970549501885996E-2,0.11684176889754254,0.19286418613665124,0.54969936261028585,0.32701858287427177,0.54969936261028585,0.83687490525298902,0.54969936261028585,1.2509200550682658,0.51798029668578394,2.2419711913293221,1.3950893973021832,0.83687490525298935,1.3950893973021832,1.250927045682992,1.3950893973021832,2.2016784676738728,0.73149040024781087,1.5768183120894677,2.2839886163124983,3.5853583168156509,1.7024755658473922,2.4095619284348921,3.7109316289380447]
[20,4.9472417657992658,10.556871043794962,15.872649551446404,24.487018681756346,11.628892029557321,16.943954405094004,25.558323535403943,1.8799902857359437E-2,4.2047240543465252E-2,6.3676837894772007E-2,0.10517190693188855,4.7208171849291151E-2,6.8837769200597906E-2,0.11033283823771445,0.35426382281765556,0.23173991172613084,0.33611741686508601,0.6189161728825272,0.33611741686508601,0.89054523875323799,0.33611741686508601,1.5983349259159962,0.89909091528461349,0.59263870871305613,0.89909091528461349,0.86824101963505151,0.85303690782978048,1.5983349259159958,0.40793894151250332,0.87049693610313228,1.3088246266391743,2.0191470226680424,0.95889348652731288,1.3971621263456606,2.1074845223745284]
[30,3.1534060973915778,6.6992054544420689,10.240419833258869,15.681866974424235,7.446475998785842,10.987191185476441,16.428638326641803,1.204713584542398E-2,2.6769310305490221E-2,4.1348705877092148E-2,6.7553990361345045E-2,3.0366825650288018E-2,4.4978291748893257E-2,7.1151505706142829E-2,0.26254649563253857,0.15043130572709451,0.26254649563253857,0.38774510367712051,0.26254649563253857,0.58182510280081368,0.2740963977658209,1.1700507811707919,0.66632027844549813,0.38774510367712056,0.66632027844549813,0.58182838820245564,0.66632027844549813,1.0286560857740725,0.26002310103823406,0.55240210837328452,0.84440304824042989,1.2930931046691991,0.61402043416250773,0.90598021171796217,1.3546702681467311]
[40,2.1939729407199797,4.6474001367404689,7.1809552710841338,10.944499735032283,5.1965054264985495,7.7296937471906162,11.493238211138767,8.4109724744155425E-3,1.8610432760303119E-2,2.9108802579726322E-2,4.7237644633441211E-2,2.1253939480548701E-2,3.1752309299971908E-2,4.9881151353686794E-2,0.24835084504753921,0.1469936611307672,0.24835084504753921,0.37648704164456059,0.24835084504753921,0.56309317795590075,0.24835084504753921,0.99150578262590161,0.63029294611442621,0.3764870416445607,0.63029294611442621,0.5630963279332486,0.63029294611442621,0.9915057826259015,0.18091030143940962,0.38321464410193001,0.59212616464104129,0.90245996631046732,0.42849268816910513,0.63737396204151819,0.94770776371094401]
[50,1.6186988532931681,3.4225749399652656,5.3243903537677442,8.0910219377303871,3.8413503867821155,5.7428860499544108,8.5095176339170528,6.2192549093473383E-3,1.3724495232763654E-2,2.1637761028245356E-2,3.4964513903608434E-2,1.574056706558449E-2,2.365383286106619E-2,3.6980585736429268E-2,0.21017640592038167,0.11305782353357324,0.21017640592038167,0.29061900886714997,0.21017640592038167,0.44342400412970084,0.21017640592038167,0.77421941885699763,0.53340952419928767,0.2906190088671502,0.53340952419928767,0.44342643635987311,0.53340952419928767,0.77421941885699785,0.13347443446262144,0.28221818628487466,0.43903780488974908,0.667168309390057,0.31674951113074906,0.47354606209887407,0.70167656659918198]
[60,1.2466951171565466,2.632777296761974,4.1144176421139615,6.2400255303331118,2.9623910557850071,4.4438112123520384,6.5694191005711886,4.7970734530212982E-3,1.0567220944927652E-2,1.6748828015641957E-2,2.6987795574757879E-2,1.2154049925298028E-2,1.8335656996012334E-2,2.8574624555128256E-2,0.18904258329458667,0.10049084710548117,0.18904258329458667,0.25830152711564447,0.18904258329458667,0.39526549725907723,0.18904258329458667,0.68890763223542439,0.47977371183504047,0.25830152711564436,0.47977371183504047,0.39526765631337069,0.47977371183504047,0.68890763223542439,0.10279980452895524,0.21709316716720309,0.33926605112923458,0.51453911701924504,0.24427241053739046,0.36642713820463785,0.54170020409464859]
[70,0.99299665971333906,2.0958800769231911,3.2818392634564448,4.9705942850013889,2.3595767240985182,3.5479740426020152,5.2367290641469584,3.8218013022102665E-3,8.4129574417405768E-3,1.3375702385247934E-2,2.151036728592225E-2,9.6895123848196787E-3,1.465778685316097E-2,2.2792451753835288E-2,0.16582589221901603,8.5632753254885313E-2,0.16582589221901603,0.2203694231501778,0.16582589221901603,0.33937550900083613,0.16582589221901603,0.58991830477928309,0.42085175964982113,0.22036942315017782,0.42085175964982113,0.33937735115982681,0.42085175964982113,0.58991830477928309,8.188037404787446E-2,0.17282177435269527,0.27061342435370211,0.40986454014219237,0.19456563410759042,0.29255832723975861,0.43180944302824897]
[80,0.81273031341559665,1.714295058840057,2.6884598780510913,4.0697441939784893,1.9325406403035672,2.9065596669677527,4.2878439828951516,3.1304295770862634E-3,6.884616562340737E-3,1.095678889440087E-2,1.7610379793776627E-2,7.9352960440788826E-3,1.2008467060787426E-2,1.8661059275514775E-2,0.14737709247100028,7.4117075670975668E-2,0.14737709247100028,0.19093070698067166,0.14737709247100028,0.29580540065142424,0.14737709247100028,0.5128557961923299,0.37403030291901723,0.19093070698067166,0.37403030291901723,0.29580699655178261,0.37403030291901723,0.5128557961923299,6.7015997900462393E-2,0.14135709246672429,0.22168463335120853,0.33558237444456507,0.15935315486001256,0.23966867400388711,0.35356641509724374]
[90,0.67887637130697753,1.4312185912298956,2.2486335909386455,3.4011576721972365,1.6150601939478382,2.4323523836766685,3.5848764649352596,2.6163905002535514E-3,5.7498662907408587E-3,9.1703487954513906E-3,1.4722010860929169E-2,6.6349178852350768E-3,1.0055400389945608E-2,1.560706245542339E-2,0.13199227617386206,6.4978505207123061E-2,0.13199227617386206,0.16753150083367613,0.13199227617386206,0.26082974792117941,0.13199227617386206,0.45126487028318124,0.33498497095126689,0.16753150083367618,0.33498497095126689,0.26083114812816488,0.33498497095126689,0.45126487028318141,5.5978689022907632E-2,0.11801521429891429,0.18541750137993762,0.28045216433628523,0.13317439841988749,0.20056655885346003,0.29560122180980775]
[100,0.57230393248589284,1.2058252150647164,1.9012121668947337,2.8728984060632454,1.3635512642231082,2.0588328518012715,3.0305190909697841,2.2086327153804778E-3,4.8489792707687414E-3,7.7651430581769619E-3,1.2445716524067297E-2,5.6083051754448532E-3,8.5244689628530736E-3,1.3205042428743409E-2,0.1189590234665986,5.7585102539969471E-2,0.1189590234665986,0.14857329691230597,0.1189590234665986,0.23221958534043552,0.1189590234665986,0.40110093602990393,0.30190770381032994,0.14857329691230597,0.30190770381032994,0.23222082706960823,0.30190770381032994,0.40110093602990393,4.7190954372940394E-2,9.9429760090391728E-2,0.15676987615915097,0.23689303865121647,0.11243551169675747,0.16976693965537185,0.24989010214743737]
[120,0.42812012450492604,0.90155458158330215,1.4244621141609961,2.1506721999234895,1.0206895513553003,1.543517499317602,2.2697275850800951,1.6533666651578603E-3,3.6270750603142172E-3,5.8225377086690913E-3,9.3206624335705358E-3,4.2006155070785922E-3,6.3960781554334668E-3,9.8942028803349121E-3,9.8326198295001804E-2,4.6436102211788899E-2,9.8326198295001804E-2,0.11993745243147041,9.8326198295001804E-2,0.18855179161625643,9.8326198295001804E-2,0.32488905838034599,0.24954337961574022,0.1199374524314705,0.24954337961574022,0.18855279405945566,0.24954337961574022,0.32488905838034587,3.530186691867182E-2,7.4340256477726907E-2,0.11745808969609131,0.17733981525671669,8.4163870476518687E-2,0.12727514131824963,0.18715686687887506]
[140,0.33372243287048253,0.7025019880881197,1.1115900537256471,1.6772915363551617,0.79599176493864898,1.2050173774782489,1.7707188601077639,1.2894433911578933E-3,2.8271554009599627E-3,4.5461494348689657E-3,7.2711106851963379E-3,3.2772345715458384E-3,4.9962286054548418E-3,7.7211898557822132E-3,8.2941612471639378E-2,3.8504730923247368E-2,8.2941612471639378E-2,9.953049692668621E-2,8.2941612471639378E-2,0.15710747088346549,8.2941612471639378E-2,0.27025812196741411,0.2104986325704819,9.9530496926686196E-2,0.2104986325704819,0.15710830284308558,0.2104986325704819,0.27025812196741406,2.7518035800332036E-2,5.7926806693021554E-2,9.1659330871493569E-2,0.13830586139508427,6.5635773106245465E-2,9.936314753625787E-2,0.14600967805984849]
[160,0.26832907579626269,0.5646763782018186,0.89449680929487529,1.3490797616708881,0.64022161513193754,0.96999158044960265,1.4245745328256154,1.0371522652493951E-3,2.2730132914873303E-3,3.6597684259389515E-3,5.8494761928802354E-3,2.6367037261493197E-3,4.0234588606009409E-3,6.2131666275422248E-3,7.116477433498275E-2,3.2625852620450091E-2,7.116477433498275E-2,8.4385077073790782E-2,7.116477433498275E-2,0.13359956044785221,7.116477433498275E-2,0.22954290480266581,0.18061003684758367,8.4385077073790754E-2,0.18061003684758367,0.13360026588779053,0.18061003684758367,0.22954290480266573,2.2125839879925738E-2,4.6562002611883355E-2,7.3758287717542004E-2,0.11124222264546033,5.2791300763962871E-2,7.998342457005897E-2,0.11746735949797726]
[180,0.22102918409854505,0.46503572253702641,0.73729287109005237,1.1116008824528145,0.5275074069882526,0.79972282316841203,1.1740308345311745,8.5457538012160118E-4,1.8722783376865259E-3,3.0175511384743659E-3,4.8205777487451036E-3,2.173029979952867E-3,3.3183027807407069E-3,5.1213293910114446E-3,6.1934962902825096E-2,2.8124613633401387E-2,6.1934962902825096E-2,7.2777441406144422E-2,6.1934962902825096E-2,0.11548590678846093,6.1934962902825096E-2,0.19824115597155081,0.1571855744160518,7.2777441406144422E-2,0.1571855744160518,0.11548651526066162,0.1571855744160518,0.1982411559715509,1.8225592294247941E-2,3.8345847928579674E-2,6.079558826019868E-2,9.1660223785102357E-2,4.3497128993053608E-2,6.5943428162744427E-2,9.6808063687648105E-2]
[200,0.18564350766012869,0.39051949070780217,0.6195767699690875,0.93387290982548543,0.44315372656445279,0.67217584507130002,0.98647198492769794,7.1793013204528267E-4,1.5725100190414967E-3,2.5364268247093577E-3,4.0503786677471339E-3,1.8259021440078158E-3,2.7898189496756761E-3,4.3037707927134532E-3,5.4551584330320105E-2,2.4586576906929711E-2,5.4551584330320105E-2,6.364666688718093E-2,5.4551584330320105E-2,0.10117900347850602,5.4551584330320105E-2,0.17355972232441946,0.1384471987449262,6.3646666887180958E-2,0.1384471987449262,0.10117953567018836,0.1384471987449262,0.17355972232441944,1.5307765336450299E-2,3.2201399329350386E-2,5.1088971126134496E-2,7.7005156484375351E-2,3.6541505489335581E-2,5.5426178005747465E-2,8.134236336398834E-2]
[220,0.15843213920141669,0.33323197346766648,0.52898417530350639,0.79715269190537408,0.37826553737740387,0.57398765586432998,0.84215617246619734,6.1281437552478254E-4,1.3419987149107624E-3,2.1660176437875802E-3,3.4577745840401806E-3,1.558799629147899E-3,2.3828185580247164E-3,3.6745754982773168E-3,4.8539649789940353E-2,2.174485366138687E-2,4.8539649789940353E-2,5.6308368419632174E-2,4.8539649789940353E-2,8.9643756877758135E-2,4.8539649789940353E-2,0.1536860175154855,0.12318942930758973,5.6308368419632146E-2,0.12318942930758973,8.9644227759492504E-2,0.12318942930758973,0.15368601751548544,1.3063974276370519E-2,2.747759357027511E-2,4.3618900139866877E-2,6.5731500653108635E-2,3.1190964629048502E-2,4.7329790590233789E-2,6.9442391103475554E-2]
[240,0.13702146471732612,0.28816597600089811,0.45765911025999884,0.68954619030801623,0.32719643198494947,0.49666349309496532,0.72855057314298277,5.3008318455308298E-4,1.1606309464051378E-3,1.8742975191065794E-3,2.9912882412190009E-3,1.3485316543614312E-3,2.0621982270628727E-3,3.1791889491752938E-3,4.3568673105489696E-2,1.9420695604291931E-2,4.3568673105489696E-2,5.0303555459634754E-2,4.3568673105489696E-2,8.018027730923441E-2,4.3568673105489696E-2,0.13739880297376844,0.11057352079755918,5.0303555459634761E-2,0.11057352079755918,8.0180698018283966E-2,0.11057352079755918,0.1373988029737685,1.1298495995828561E-2,2.3761548109976383E-2,3.7737588307018094E-2,5.6858499405230946E-2,2.6979915769093997E-2,4.0953806030203099E-2,6.0074717128415958E-2]
[260,0.11984727278245567,0.25202328253436329,0.40041808311338478,0.60321130612420792,0.2862236323591249,0.43459558639953311,0.63738880941035636,4.6370672357695674E-4,1.0151534606733733E-3,1.6401219961023016E-3,2.6169687810264938E-3,1.1798010360706864E-3,1.8047695714996145E-3,2.7816163564238065E-3,3.9403102960493916E-2,1.749037916946012E-2,3.9403102960493916E-2,4.5314179340999988E-2,3.9403102960493916E-2,7.2300470203949169E-2,3.9403102960493916E-2,0.12384875228455998,0.10000166436424157,4.5314179341000016E-2,0.10000166436424157,7.2300849221557717E-2,0.10000166436424157,0.12384875228455997,9.8823489767609074E-3,2.0781299152248911E-2,3.3017616021308364E-2,4.9739510090210604E-2,2.36013866206479E-2,3.5835819613151416E-2,5.2557713682053649E-2]
[280,0.10584397203281098,0.22255808374922673,0.35372518943266978,0.53280251751914487,0.25280966524003984,0.38395656224350794,0.56303389032998308,4.0957479726322783E-4,8.9653840479865185E-4,1.4490576782906607E-3,2.3116659528519454E-3,1.0421757906709564E-3,1.5946950641629652E-3,2.4573033387242497E-3,3.5871343494476474E-2,1.5865835608026499E-2,3.5871343494476474E-2,4.111364046291037E-2,3.5871343494476474E-2,6.5654788648144322E-2,3.5871343494476474E-2,0.11242895642967494,9.1038364568029745E-2,4.1113640462910356E-2,9.1038364568029745E-2,6.5655132563256474E-2,9.1038364568029745E-2,0.11242895642967499,8.727666841559378E-3,1.8351662079130828E-2,2.9167420189775275E-2,4.393375244657003E-2,2.084614258294501E-2,3.1660234329197214E-2,4.6426566585991966E-2]
[300,9.4263660647287514E-2,0.19819418480421919,0.31509699545677039,0.47456567852441789,0.22517282617954318,0.34205761454357764,0.50152629761122525,3.6480167428308438E-4,7.9844811526696535E-4,1.2909637057302453E-3,2.0591179272468714E-3,9.2832888878889781E-4,1.4208444792521778E-3,2.1889987007688038E-3,3.284590746047112E-2,1.4482847133709606E-2,3.284590746047112E-2,3.7536581569296602E-2,3.284590746047112E-2,5.9987078596653094E-2,3.284590746047112E-2,0.10269545409999659,8.3360069812121157E-2,3.7536581569296623E-2,8.3360069812121157E-2,5.9987392617328356E-2,8.3360069812121157E-2,0.10269545409999661,7.7727792107074754E-3,1.6342667245797009E-2,2.5982222192781443E-2,3.9131667652417074E-2,1.8567268129905421E-2,2.8205336997646262E-2,4.1354782457281906E-2]
[350,7.2723284166733737E-2,0.15288297517442276,0.24320802175690515,0.36621320986718048,0.17375464011825117,0.26406574399834876,0.3870709321086242,2.8150032907640535E-4,6.1599497607677954E-4,9.9666678297122822E-4,1.5891778183528451E-3,7.1647549879407608E-4,1.0971473056885248E-3,1.6896583410701417E-3,2.6918308019717136E-2,1.1795991732147949E-2,2.6918308019717136E-2,3.0584145608072256E-2,2.6918308019717136E-2,4.8948934237265707E-2,2.6918308019717136E-2,8.3754061757133264E-2,6.8316335557124436E-2,3.0584145608072252E-2,6.8316335557124436E-2,4.8949190147951058E-2,6.8316335557124436E-2,8.3754061757133236E-2,5.9966059818177229E-3,1.2606402116647004E-2,2.005441166201687E-2,3.0197155561282392E-2,1.432743482696441E-2,2.177429468701023E-2,3.1917038586275752E-2]
[400,5.8061000124333267E-2,0.12204612888950364,0.19424366688290681,0.29243568082459315,0.13874540246907313,0.21093178500352333,0.30912379894520953,2.2478213089694742E-4,4.9180213675396802E-4,7.9615567714587995E-4,1.2691426522532703E-3,5.7219590231077076E-4,8.7654944270268269E-4,1.3495364178100729E-3,2.2607595658662178E-2,9.8607252253507562E-3,2.2607595658662178E-2,2.5574001921570787E-2,2.2607595658662178E-2,4.0976116874934132E-2,2.2607595658662178E-2,7.0085040863632375E-2,5.7376120743757829E-2,2.5574001921570784E-2,5.7376120743757829E-2,4.0976330903303458E-2,5.7376120743757829E-2,7.0085040863632347E-2,4.7875854981692563E-3,1.0063661933618705E-2,1.6016916013991994E-2,2.4113618808924233E-2,1.1440648204063628E-2,1.7392982429226114E-2,2.5489685224158353E-2]
[450,4.7591974671390744E-2,0.10003146067881394,0.1592660278732943,0.23974471411173892,0.11374319613478277,0.17296860360735522,0.25344728984579978,1.842760283726964E-4,4.0312716557430088E-4,6.5288675586444545E-4,1.0405493450760764E-3,4.6913830314693742E-4,7.1889789343708205E-4,1.1065604826487132E-3,1.9354569143545507E-2,8.4106169828337615E-3,1.9354569143545507E-2,2.1818429638133349E-2,1.9354569143545507E-2,3.498954890857793E-2,1.9354569143545507E-2,5.9828022045218199E-2,4.9120221048273592E-2,2.1818429638133359E-2,4.9120221048273592E-2,3.4989731537723008E-2,4.9120221048273592E-2,5.9828022045218206E-2,3.9243321210117614E-3,8.2483796262728844E-3,1.3132734947113704E-2,1.9768834744254695E-2,9.3790199129223269E-3,1.4262619942747145E-2,2.0898719739888136E-2]
[500,3.9833599472023376E-2,8.3718753962918252E-2,0.13333476366628605,0.20068854846285022,9.5211384916355987E-2,0.14481971730536325,0.21217350210192737,1.5425251034512376E-4,3.3741191463803553E-4,5.4665125852533893E-4,8.7109172627947162E-4,3.9273982301076302E-4,6.0197916689806632E-4,9.2641963465219912E-4,1.6826735481661085E-2,7.289809518458288E-3,1.6826735481661085E-2,1.8914823742689626E-2,1.6826735481661085E-2,3.0355090278173649E-2,1.6826735481661085E-2,5.1891439805449066E-2,4.2704798037607496E-2,1.8914823742689622E-2,4.2704798037607496E-2,3.0355248627887056E-2,4.2704798037607496E-2,5.1891439805449073E-2,3.2845931479608941E-3,6.9032688300125957E-3,1.0994498537117071E-2,1.6548347121335655E-2,7.8509265205564081E-3,1.1941523172790682E-2,1.749537175700927E-2]
[600,2.9275093695503938E-2,6.1521152155200778E-2,9.8029446517412216E-2,0.14752370239531731,6.9986204232899474E-2,0.10648884376584314,0.15598309964374829,1.1338507131373309E-4,2.4797778452997693E-4,4.0198118075688167E-4,6.4039301725087798E-4,2.8873030043541305E-4,4.4273369666231774E-4,6.8114553315631399E-4,1.3184301491692391E-2,5.6831153992390956E-3,1.3184301491692391E-2,1.4751102794251035E-2,1.3184301491692391E-2,2.3701245434521165E-2,1.3184301491692391E-2,4.0501388099535816E-2,3.3460615880203388E-2,1.4751102794251035E-2,3.3460615880203388E-2,2.370136896045915E-2,3.3460615880203388E-2,4.0501388099535816E-2,2.4139614153046822E-3,5.0729022107468529E-3,8.0832978339211957E-3,1.2164487981805481E-2,5.7709122429828114E-3,8.7808415810683854E-3,1.2862031728952669E-2]
[700,2.2567330282742423E-2,4.7420987897142684E-2,7.5589421818990254E-2,0.11373919038191409,5.3957233551970053E-2,8.2121301126996518E-2,0.12027106968992035,8.7416532522950369E-5,1.911597841857231E-4,3.1000694931451771E-4,4.9377284746933534E-4,2.2262662603917628E-4,3.4147379116797089E-4,5.2523968932278856E-4,1.0706324730433103E-2,4.5978794666794564E-3,1.0706324730433103E-2,1.1937638382974319E-2,1.0706324730433103E-2,1.9197318669096058E-2,1.0706324730433103E-2,3.2796731524362133E-2,2.7171725367436131E-2,1.1937638382974319E-2,2.7171725367436131E-2,1.9197418661117703E-2,2.7171725367436131E-2,3.279673152436214E-2,1.8608536360498014E-3,3.9102329184658915E-3,6.2329415432154905E-3,9.3786896071352682E-3,4.4491977113993927E-3,6.7715462965582856E-3,9.9172943604780659E-3]
[800,1.8016529988160723E-2,3.7855828858060166E-2,6.0359652995723614E-2,9.0813557159061642E-2,4.3080689973881744E-2,6.5581023796626101E-2,9.6034927959964114E-2,6.9795529485160976E-5,1.5261158233802118E-4,2.4757363863512082E-4,3.9426886803516098E-4,1.777651471090131E-4,2.7272720340611271E-4,4.1942243280615287E-4,8.9287845495613204E-3,3.8230724033205751E-3,8.9287845495613204E-3,9.9283801798757901E-3,8.9287845495613204E-3,1.5977147529108796E-2,8.9287845495613204E-3,2.7290361375666032E-2,2.2660482262046318E-2,9.9283801798757884E-3,2.2660482262046318E-2,1.5977230711459088E-2,2.2660482262046318E-2,2.7290361375666032E-2,1.4856044076736489E-3,3.1215104265155356E-3,4.9771274820969739E-3,7.4882910793965755E-3,3.5523412639880073E-3,5.4076705156898197E-3,7.9188341129894247E-3]
[900,1.4773890018339675E-2,3.1040740042532784E-2,4.9504702171638493E-2,7.4475290628213828E-2,3.5329639383822033E-2,5.3790736439765875E-2,7.8761324896341217E-2,5.7238176226118404E-5,1.2514387361968341E-4,2.0306821779627528E-4,3.2335053635368052E-4,1.4579152433918388E-4,2.2371586851577569E-4,3.4399818707318104E-4,7.6010702049442635E-3,3.2463730062869617E-3,7.6010702049442635E-3,8.4325176925708831E-3,7.6010702049442635E-3,1.3577768178976542E-2,7.6010702049442635E-3,2.3188670944688721E-2,1.9290858189670478E-2,8.4325176925708831E-3,1.9290858189670478E-2,1.3577838844791867E-2,1.9290858189670478E-2,2.3188670944688728E-2,1.218223272969547E-3,2.5595528248193132E-3,4.0820515268526168E-3,6.1410726756348953E-3,2.9132062625054221E-3,4.4354687167529206E-3,6.4944898655352017E-3]
[1000,1.2373883042893628E-2,2.5996964594757078E-2,4.146862426577172E-2,6.2381127827320797E-2,2.9592163946559016E-2,4.5061421950303181E-2,6.5973925511852258E-2,4.7942979953243697E-5,1.0481383592605995E-4,1.7011631966986596E-4,2.7085100678376752E-4,1.2212187105953702E-4,1.8742435480334304E-4,2.8815904191724459E-4,6.5773433141469353E-3,2.8029762456271545E-3,6.5773433141469353E-3,7.2821967969072098E-3,6.5773433141469353E-3,1.1731397065095196E-2,6.5773433141469353E-3,2.0033027164534083E-2,1.6692727960261774E-2,7.2821967969072046E-3,1.6692727960261774E-2,1.1731458104258092E-2,1.6692727960261774E-2,2.0033027164534072E-2,1.0203238470804809E-3,2.1436539230077173E-3,3.4194137844455238E-3,5.1438139595593683E-3,2.4401063479204052E-3,3.7156681730279553E-3,5.4400683481418003E-3]

{"sheet":"Lancaster","index":3,"n_rows":32,"n_cols":36,"rows_kept":32,"cut":false,"hidden":true,"merged":[[0,29,1,35],[0,0,2,0],[0,1,1,7],[0,8,1,14],[0,15,0,28],[1,15,1,16],[1,17,1,18],[1,19,1,20],[1,21,1,22],[1,23,1,24],[1,25,1,26],[1,27,1,28]]}
["Receptor Distance ","Max Cancer Risk ",null,null,null,null,null,null,"Chronic ",null,null,null,null,null,null,"Acute ",null,null,null,null,null,null,null,null,null,null,null,null,null,"worker Cancer Risk"]
[null,null,null,null,null,null,null,null,null,null,null,null,null,null,null,"Scenario 1 ",null,"Scenario 2",null,"Scenario 3",null,"Scenario 4",null,"Scenario 5",null,"Scenario 6",null,"Scenario 7"]
[null,"Scenario 1","Scenario 2","Scenario 3","Scenario 4","Scenario 5","Scenario 6","Scenario 7","Scenario 1","Scenario 2","Scenario 3","Scenario 4","Scenario 5","Scenario 6","Scenario 7","Loading ","Dispensing","Loading ","Dispensing","Loading ","Dispensing","Loading ","Dispensing","Loading ","Dispensing","Loading ","Dispensing","Loading ","Dispensing","Scenario 1","Scenario 2","Scenario 3","Scenario 4","Scenario 5","Scenario 6","Scenario 7"]
[10,6.0782737014876984,13.174671459422875,18.751125460356739,29.718689900096276,14.096456653839869,19.672294883264222,30.639859323003762,2.271074859493075E-2,5.1967664829446314E-2,7.3640727975162565E-2,0.12647104401011544,5.6405329884790724E-2,7.8078393030506968E-2,0.13090870906545984,0.51352744504639614,0.3264317199192438,0.51352744504639614,0.8341593042084684,0.51352744504639614,1.2300798106648161,0.48128147234810809,2.2369782056320453,1.3032882017653289,0.83415930420846851,1.3032882017653289,1.2300867919764864,1.3032882017653289,2.1795729613469188,0.50120140825735116,1.0863551417854884,1.5461775742084176,2.4505394065828439,1.1623635711919331,1.6221352284173487,2.5264970607917752]
[20,3.4592650237855498,7.4147762796642205,10.975216503207866,17.059862984246536,8.0994596402158443,11.659442481162092,17.74408896220076,1.3081721695178789E-2,2.9448706222392523E-2,4.3768935934335666E-2,7.3078432889693484E-2,3.2744913887148328E-2,4.7065143599091468E-2,7.6374640554449286E-2,0.35671199898076755,0.25262316162347687,0.35671199898076755,0.64363277924023887,0.35671199898076755,0.93017051606761225,0.35671199898076755,1.6634704645780345,0.9053041744589867,0.64363277924023876,0.9053041744589867,0.9301759077815861,0.9053041744589867,1.6634704645780343,0.28524357187672555,0.61140654333669142,0.90499280511023183,1.4067196990963147,0.66786406423359623,0.96141261121948696,1.46313950520557]
[30,2.2343545568886398,4.7613672810353203,7.1959826054551881,11.076008898520939,5.2596967364580021,7.6939791665301867,11.574005459595941,8.5049266355570145E-3,1.8983576175411476E-2,2.8926306160413598E-2,4.7616236492061453E-2,2.1382637500948071E-2,3.1325367485950197E-2,5.0015297817598052E-2,0.26837703849910483,0.18399518404033077,0.26837703849910483,0.46973973460843682,0.26837703849910483,0.68235375849884039,0.27094543317301184,1.2167061107107917,0.68111769151695789,0.46973973460843688,0.68111769151695789,0.68235770381771776,0.68111769151695789,1.2189367716268653,0.18424008286838456,0.39261213029964226,0.59336528639156139,0.91330392977383168,0.43370330800900342,0.63442901434724985,0.95436765772952048]
[40,1.5623497613228725,3.3179151158779465,5.0769834483076135,7.770206373117361,3.6899983387329529,5.4488181119004517,8.1420410367102001,5.9704474812161861E-3,1.3260048701288538E-2,2.0503840659643675E-2,3.3476986981422492E-2,1.5051334486463159E-2,2.2295126444818295E-2,3.5268272766597115E-2,0.24166244218266256,0.15791372040193838,0.24166244218266256,0.40337443345858726,0.24166244218266256,0.59152754320536105,0.24166244218266256,1.0512390811131833,0.61331835862833861,0.40337443345858714,0.61331835862833861,0.59153092331349799,0.61331835862833861,1.0512390811131829,0.12882800923787011,0.27358816174226619,0.41863716228642889,0.64071454625405821,0.30426934598018862,0.44929785086088625,0.67137523482851558]
[50,1.1553201282743002,2.4480805099307865,3.7762317986261356,5.7585393918779282,2.7346501977394149,4.0626100519765949,6.0449176452283879,4.4263784088777866E-3,9.7991698145252302E-3,1.5296492394907659E-2,2.4845188206579234E-2,1.11787757110092E-2,1.667609829139163E-2,2.6224794103063203E-2,0.21750951850130942,0.13053575880639937,0.21750951850130942,0.33415287156933038,0.21750951850130942,0.49840325277486985,0.21750951850130942,0.87858588262561876,0.55202032913509125,0.33415287156933016,0.55202032913509125,0.49840604813303402,0.55202032913509125,0.87858588262561865,9.5265218994237927E-2,0.20186346639908176,0.31137997206581364,0.47483680308904719,0.22549338800962065,0.33499410840166172,0.49845093942489521]
[60,0.890366484089679,1.8838277858579857,2.9218295585267864,4.4448203728595406,2.1107154560492956,3.1485656630778474,4.6715564774106024,3.4172941977791173E-3,7.548821048713919E-3,1.1859704976070419E-2,1.9195890369063696E-2,8.6411053374991064E-3,1.2951989264855608E-2,2.0288174657848886E-2,0.19479012848729108,0.11015635832522638,0.19479012848729108,0.282467242300948,0.19479012848729108,0.42658105544278224,0.19479012848729108,0.74764176091675427,0.49436048399497418,0.28246724230094794,0.49436048399497418,0.42658341609683054,0.49436048399497418,0.74764176091675449,7.3417709962891306E-2,0.15533639739771121,0.24092779649971199,0.36651035141489419,0.17404506788556384,0.2596239692100597,0.38520652412524187]
[70,0.70833307446570482,1.4970652867018219,2.3312051442808195,3.5401702263148946,1.6810636482814556,2.5150805911623824,3.724045673196458,2.7221379920650927E-3,6.0038058056385473E-3,9.4763282967564016E-3,1.5299864389023005E-2,6.8896120697964297E-3,1.0362134560914286E-2,1.6185670653180887E-2,0.17455661709572279,9.4545814054069088E-2,0.17455661709572279,0.24277045010869036,0.17455661709572279,0.37006532493905397,0.17455661709572279,0.64584229872102683,0.44300958360729809,0.24277045010869031,0.44300958360729809,0.37006735263667773,0.44300958360729809,0.64584229872102661,5.8407625564899687E-2,0.12344479153094071,0.1922261745081261,0.29191484129210726,0.13861690165131685,0.20738814934621752,0.30707681613019872]
[80,0.57785065812459546,1.2203134697560372,1.9059513817289118,2.8906656093549588,1.3725801709168901,2.0581163655949002,3.0428305932209465,2.2228667875479756E-3,4.8969381287020707E-3,7.756322353371369E-3,1.249965111477813E-2,5.6299816001384451E-3,8.4893658248077434E-3,1.3232694586214504E-2,0.15694016932194504,8.2297016851043514E-2,0.15694016932194504,0.2115525244837364,0.15694016932194504,0.32479547571116557,0.15694016932194504,0.56502372135334111,0.39830056413414161,0.2115525244837364,0.39830056413414161,0.32479724203065263,0.39830056413414161,0.56502372135334111,4.7648325468397063E-2,0.10062443048713672,0.15716066164621165,0.23835808411444098,0.11318001597086409,0.16970785974004285,0.25090528220827213]
[90,0.48109961752996555,1.0153738413698443,1.5895244423481087,2.4084045350841343,1.143536797740355,1.7176017832220967,2.5364818759581218,1.8520886108495613E-3,4.0764976564121444E-3,6.4741740234066682E-3,1.0418686438325575E-2,4.6935007025879537E-3,7.0911770695824784E-3,1.1035689484501385E-2,0.14172878454112142,7.2487849860375292E-2,0.14172878454112142,0.18650565161836752,0.14172878454112142,0.2879543665236366,0.14172878454112142,0.49969409110758206,0.35969538634161102,0.18650565161836752,0.35969538634161102,0.28795592337637343,0.35969538634161102,0.49969409110758201,3.9670442243999987E-2,8.3725548436175856E-2,0.13106877513089973,0.19859187063953937,9.4293590839992489E-2,0.14162975786456439,0.209152853373204]
[100,0.40443535736167346,0.8530721063998965,1.3374901188304849,2.0246613995620923,0.96151362122754991,1.4458591924910595,2.1330304732226679,1.557585893433043E-3,3.4255952589484859E-3,5.4501665688047561E-3,8.760242942703526E-3,3.9476551963546777E-3,5.9722265062109462E-3,9.2823028801097187E-3,0.12861059140163864,6.4493950239723485E-2,0.12861059140163864,0.16606207564383843,0.12861059140163864,0.25754591146207551,0.12861059140163864,0.44605094690547287,0.32640254773661276,0.16606207564383835,0.32640254773661276,0.257547297477765,0.32640254773661276,0.44605094690547292,3.3348871836607619E-2,7.0342495595097101E-2,0.11028656556286001,0.16694923501987907,7.9284350242392346E-2,0.11922244686694328,0.17588511632396239]
[120,0.30220602101136518,0.63700114046671674,1.0013507498567376,1.514157643156977,0.71903194959389272,1.0833267607126151,1.5961336540128543,1.1648849062612975E-3,2.5593549982016743E-3,4.0844216588696199E-3,6.5545918034634896E-3,2.9542683221844188E-3,4.4793349828523652E-3,6.9495051274462349E-3,0.1074306133518448,5.2336411751155845E-2,0.1074306133518448,0.13491396082306023,0.1074306133518448,0.21064219827558661,0.1074306133518448,0.36377086197793362,0.27264959690172402,0.13491396082306018,0.27264959690172402,0.21064332418041926,0.27264959690172402,0.36377086197793357,2.4919260098089119E-2,5.2525747332719627E-2,8.2569234397081068E-2,0.12485419057193212,5.9289831853126709E-2,8.9328800369608691E-2,0.13161375654445975]
[140,0.23531157660756397,0.49578622616630574,0.78073021692339384,1.179749314206137,0.56018646488137647,0.84508743495159888,1.2441065322343423,9.0757398377779768E-4,1.992754320192843E-3,3.1866601866077336E-3,5.1087191021721781E-3,2.3027904225653277E-3,3.4966962889802175E-3,5.4187552045446624E-3,9.1323523084058847E-2,4.3608115327316996E-2,9.1323523084058847E-2,0.11250864466655612,9.1323523084058847E-2,0.17648592097979798,9.1323523084058847E-2,0.30418097373830594,0.23177119612048047,0.11250864466655608,0.23177119612048047,0.17648685987963258,0.23177119612048047,0.30418097373830588,1.9403287737125494E-2,4.0881468481475378E-2,6.4377338601139034E-2,9.7279597252429989E-2,4.6191773992759436E-2,6.9684096718886646E-2,0.1025863553701776]
[160,0.18903765285908544,0.3981286510393347,0.62776209832213226,0.94799611459635469,0.45016281145184178,0.67976149884296666,0.99999551511718909,7.2938902679254962E-4,1.6006075691179721E-3,2.5634441029854359E-3,4.105998457497274E-3,1.851110806472324E-3,2.8139473403397878E-3,4.3565016948516255E-3,7.8818810464001743E-2,3.709344295282832E-2,7.8818810464001743E-2,9.5761700465589294E-2,7.8818810464001743E-2,0.15073328779168632,7.8818810464001743E-2,0.25942244486510646,0.20003531796753385,9.5761700465589267E-2,0.20003531796753385,0.15073408694740445,0.20003531796753385,0.25942244486510646,1.5587639267288705E-2,3.282883436454577E-2,5.1763915740193359E-2,7.8169725647908417E-2,3.7119459590891572E-2,5.6051674740450516E-2,8.245748464816556E-2]
[180,0.15557008617966536,0.32754596440747186,0.51698762621618222,0.78034819909755115,0.37056000768442898,0.55997293522563396,0.82333350810700312,6.0044563287742897E-4,1.3170947151679121E-3,2.1118468203670071E-3,3.3804440894248029E-3,1.5241732383372423E-3,2.3189253435363373E-3,3.5875226125941326E-3,6.8915037109659363E-2,3.2078128654511831E-2,6.8915037109659363E-2,8.2854944239393838E-2,6.8915037109659363E-2,0.13075885564304007,6.8915037109659363E-2,0.22480180905496594,0.1749003985193511,8.2854944239393852E-2,0.1749003985193511,0.13075954711002721,0.1749003985193511,0.22480180905496602,1.2827975524840484E-2,2.7008737462720089E-2,4.2629690441178293E-2,6.4345838230853825E-2,3.0555583183072721E-2,4.6174166795482897E-2,6.7890314585158415E-2]
[200,0.13054909170657372,0.27480717776582309,0.43408398089891126,0.65499340129170103,0.31103042085034904,0.47028302611043088,0.69119244650322098,5.040012127069198E-4,1.1052038184849067E-3,1.7736962662201195E-3,2.8378080440513067E-3,1.2795900214756315E-3,1.9480824692108443E-3,3.012194247042032E-3,6.0927936548543081E-2,2.8118646790615202E-2,6.0927936548543081E-2,7.2656562132038804E-2,6.0927936548543081E-2,0.11489897809849495,6.0927936548543081E-2,0.19736949921267169,0.15462982870262859,7.265656213203886E-2,0.15462982870262859,0.11489958447718351,0.15462982870262859,0.19736949921267172,1.0764798004084294E-2,2.2660010269321625E-2,3.5793633721239185E-2,5.4009350557268125E-2,2.5646901175726374E-2,3.8778529322953295E-2,5.6994246158982249E-2]
[220,0.11133052826262432,0.23431265252883127,0.37034570470647243,0.55867055231696949,0.26528876045016397,0.40130111994924078,0.58962596755973773,4.2989115289547705E-4,9.424636487664139E-4,1.5135944135184749E-3,2.4207476170544444E-3,1.0915890551036421E-3,1.6627198198557033E-3,2.5698730233916726E-3,5.4382319644299744E-2,2.4926860701691013E-2,5.4382319644299744E-2,6.4429838454192562E-2,5.4382319644299744E-2,0.10205648521844221,5.4382319644299744E-2,0.17519185325622241,0.13801761962428946,6.4429838454192534E-2,0.13801761962428946,0.10205702295881244,0.13801761962428946,0.17519185325622252,9.1800764966547925E-3,1.9320918600822783E-2,3.0537912219305605E-2,4.6066775095146471E-2,2.1875141999598613E-2,3.3090429344203948E-2,4.8619292220044796E-2]
[240,9.6224295744790356E-2,0.20249136232013926,0.32020851787231464,0.48293348953602422,0.22932382500627377,0.3470230559203098,0.50974802758401938,3.7161940609416454E-4,8.1455215840365008E-4,1.3089186092266143E-3,2.0927582417181369E-3,9.4372919740610744E-4,1.4380956482290717E-3,2.2219352807205943E-3,4.8941594021401656E-2,2.2308415641612865E-2,4.8941594021401656E-2,5.7677066579928181E-2,4.8941594021401656E-2,9.1482701695339563E-2,4.8941594021401656E-2,0.15695529701931527,0.12420952897253326,5.7677066579928188E-2,0.12420952897253326,9.1483183093855724E-2,0.12420952897253326,0.15695529701931529,7.9344489742304153E-3,1.6697003284002039E-2,2.6403707364201539E-2,3.982165939497747E-2,1.8909550587031816E-2,2.8614776640028341E-2,4.2032728670804279E-2]
[260,8.4117677761697346E-2,0.1769945290712357,0.28000333308018538,0.42222138171377999,0.20049384867422101,0.30348695465331288,0.44570500328690743,3.2490628700712528E-4,7.1204612419558083E-4,1.1447399360444623E-3,1.8297985465016015E-3,8.2517672127844371E-4,1.2578705331273254E-3,1.9429291435844643E-3,4.4362513250717973E-2,2.0127995889421636E-2,4.4362513250717973E-2,5.2051288843225345E-2,4.4362513250717973E-2,8.2651619076149374E-2,4.4362513250717973E-2,0.14174011040389103,0.11258821836697576,5.2051288843225338E-2,0.11258821836697576,8.2652053534443035E-2,0.11258821836697576,0.14174011040389106,6.9361632305537432E-3,1.4594589118722589E-2,2.3088474087995144E-2,3.4815469244090826E-2,1.6532292594501095E-2,2.5024883137912297E-2,3.6751878294007986E-2]
[280,7.4253895791967187E-2,0.15622500017992919,0.24723062571716531,0.37274717242113792,0.17700044544176258,0.26799219255334472,0.39350873925731733,2.8683888508899605E-4,6.2853417879350933E-4,1.0108795423538002E-3,1.6154876909013436E-3,7.285514800108166E-4,1.1108968435711074E-3,1.7155049921186508E-3,4.0465909730371993E-2,1.8288805427394521E-2,4.0465909730371993E-2,4.7304052420055101E-2,4.0465909730371993E-2,7.5184168167697948E-2,4.0465909730371993E-2,0.12888533082071868,0.1026989759437878,4.7304052420055115E-2,0.1026989759437878,7.5184563014731087E-2,0.1026989759437878,0.12888533082071868,6.1228169324490352E-3,1.2881978328159347E-2,2.0386106953930189E-2,3.0735932094616635E-2,1.4595076969942434E-2,2.2098061210510528E-2,3.2447886351196983E-2]
[300,6.6102504464306266E-2,0.13906375502427759,0.22013680887251874,0.33185573139076663,0.15758269219459736,0.23864337501110039,0.35036229752934828,2.5537464132894936E-4,5.5952322547227326E-4,9.0019298453949818E-4,1.438338533275715E-3,6.4867722885678634E-4,9.8934698792401115E-4,1.5274925366602278E-3,3.7117470461380545E-2,1.6719967631193676E-2,3.7117470461380545E-2,4.3253273872786824E-2,3.7117470461380545E-2,6.8801114134298402E-2,3.7117470461380545E-2,0.11790514651915567,9.4200926938422525E-2,4.3253273872786852E-2,9.4200926938422525E-2,6.8801475180140709E-2,9.4200926938422525E-2,0.11790514651915568,5.4506706926901287E-3,1.1466898872728278E-2,1.8152008947734784E-2,2.7364111601393661E-2,1.2993930698709051E-2,1.9678020684980955E-2,2.8890123338639825E-2]
[350,5.0955902437213554E-2,0.10718232958675095,0.16976557281706828,0.25585880467750477,0.12149439264589017,0.18406807512308679,0.27016130698352336,1.9689526065109464E-4,4.3129916319030264E-4,6.9435685414159646E-4,1.1090644834104108E-3,5.0020040232074618E-4,7.6325809327204E-4,1.1779657225408542E-3,3.0528689547175848E-2,1.3663373101537032E-2,3.0528689547175848E-2,3.5357436837387041E-2,3.0528689547175848E-2,5.6329848822879794E-2,3.0528689547175848E-2,9.6472549699926399E-2,7.7479171339315797E-2,3.5357436837387055E-2,7.7479171339315797E-2,5.6330143978991123E-2,7.7479171339315797E-2,9.6472549699926399E-2,4.2017143871465913E-3,8.8380249339602476E-3,1.3998504896004429E-2,2.1097568078913772E-2,1.0018166946741425E-2,1.5177858549596232E-2,2.2276921732505575E-2]
[400,4.0660023999913225E-2,8.5516498217596965E-2,0.13550464801807016,0.20418878378155711,9.6957856835575465E-2,0.14693836357266502,0.21562249933615191,1.5713304897745686E-4,3.4414650846693553E-4,5.5431046005221369E-4,8.8515917481561636E-4,3.9922758118559573E-4,6.0939153277087389E-4,9.4024024753427634E-4,2.5713073201422337E-2,1.1454142770173485E-2,2.5713073201422337E-2,2.9647504586745112E-2,2.5713073201422337E-2,4.7287086921967453E-2,2.5713073201422337E-2,8.0948810364263685E-2,6.5257553920052475E-2,2.964750458674513E-2,6.5257553920052475E-2,4.7287334425577712E-2,6.5257553920052475E-2,8.0948810364263712E-2,3.3527383414054465E-3,7.0515069641247548E-3,1.1173422545195813E-2,1.6836969015828273E-2,7.9949368478933417E-3,1.2116222198356265E-2,1.7779768668988723E-2]
[450,3.3316482491179314E-2,7.0066076397150956E-2,0.11105731698398261,0.16732925912689056,7.9454303685395508E-2,0.12043927274289049,0.17671121488579847,1.2876708327404308E-4,2.819883623876043E-4,4.543566870226986E-4,7.2541636518958722E-4,3.2718523517424495E-4,4.995535598093392E-4,7.7061323797622788E-4,2.2065058356758236E-2,9.7941180808828084E-3,2.2065058356758236E-2,2.5355351845891893E-2,2.2065058356758236E-2,4.0476355878971193E-2,2.2065058356758236E-2,6.9265994841464021E-2,5.5999208036540946E-2,2.5355351845891896E-2,5.5999208036540946E-2,4.0476567559742507E-2,5.5999208036540946E-2,6.9265994841464021E-2,2.747205664442759E-3,5.7774983302782221E-3,9.1575480808031816E-3,1.3797611696316027E-2,6.5516314096682789E-3,9.9311640233399386E-3,1.4571227638852782E-2]
[500,2.7878719906804145E-2,5.8626863703588897E-2,9.2948611514952692E-2,0.14003236484199161,6.6491693244378369E-2,0.10080818718750074,0.14789194051453969,1.0775954237373594E-4,2.3596350698645789E-4,3.8030661276276643E-4,6.0710715558577285E-4,2.7382642714485363E-4,4.1816953292116214E-4,6.4497007574416856E-4,1.9221359707230115E-2,8.5080574436006765E-3,1.9221359707230115E-2,2.2029114456796908E-2,1.9221359707230115E-2,3.5190466580241768E-2,1.9221359707230115E-2,6.0204228655921607E-2,4.8782147030247192E-2,2.2029114456796908E-2,4.8782147030247192E-2,3.519065049822892E-2,4.8782147030247192E-2,6.0204228655921607E-2,2.2988194286615521E-3,4.8342453948328522E-3,7.6643430807430569E-3,1.1546768360107783E-2,5.48276236447555E-3,8.3124268276829425E-3,1.2194852107047668E-2]
[600,2.048438766782619E-2,4.3073796239098142E-2,6.831593497300345E-2,0.10290918800234773,4.8862779124485056E-2,7.4101050698501647E-2,0.1086943037278459,7.9188972422878089E-5,1.7338105432523305E-4,2.7956191383671198E-4,4.4619621995442929E-4,2.0125041826388516E-4,3.0743127777536406E-4,4.7406558389308137E-4,1.5106446003502387E-2,6.6592459667260424E-3,1.5106446003502387E-2,1.7245830111565628E-2,1.5106446003502387E-2,2.757705630015319E-2,1.5106446003502387E-2,4.7160548882782843E-2,3.8338852259767513E-2,1.7245830111565628E-2,3.8338852259767513E-2,2.7577200291150079E-2,3.8338852259767513E-2,4.716054888278285E-2,1.6890986570563832E-3,3.5517728214085214E-3,5.6331854234379858E-3,8.4856708470980938E-3,4.0291199296546478E-3,6.1102136539768256E-3,8.9626990776369344E-3]
[700,1.5789919080856377E-2,3.3200844014472611E-2,5.2672113188598248E-2,7.9337662301451617E-2,3.7669228049747636E-2,5.7137512251236332E-2,8.3803061364089715E-2,6.1047576295523631E-5,1.3365058073339358E-4,2.1556999142242621E-4,3.4401686717299692E-4,1.5516230798535958E-4,2.370817186743922E-4,3.6552859442496292E-4,1.2300609111363334E-2,5.4065342489452457E-3,1.2300609111363334E-2,1.4003731464053171E-2,1.2300609111363334E-2,2.2408814796777254E-2,1.2300609111363334E-2,3.8311348672059889E-2,3.1217881116205094E-2,1.4003731464053166E-2,3.1217881116205094E-2,2.240893172289225E-2,3.1217881116205094E-2,3.8311348672059889E-2,1.3020028495356905E-3,2.7376703637602712E-3,4.343229443510354E-3,6.5420134114067899E-3,3.1061237242212126E-3,4.7114366695320264E-3,6.9102206374284615E-3]
[800,1.2606152108998419E-2,2.6505624241598958E-2,4.2059990181820196E-2,6.3349856762514437E-2,3.007706811174652E-2,4.5629048253848635E-2,6.6918914834542889E-2,4.8742831822860953E-5,1.0670597727633424E-4,1.7215528278325754E-4,2.7470771235683477E-4,1.2389964859549859E-4,1.8934895410242187E-4,2.9190138367599913E-4,1.0284984097143292E-2,4.5098281518542033E-3,1.0284984097143292E-2,1.1682503499628695E-2,1.0284984097143292E-2,1.8705405642636147E-2,1.0284984097143292E-2,3.1972182751144829E-2,2.6102399313711139E-2,1.1682503499628696E-2,2.6102399313711139E-2,1.8705503188896258E-2,2.6102399313711139E-2,3.1972182751144829E-2,1.0394762559293696E-3,2.1855969061376872E-3,3.4681765490848235E-3,5.2236932691106745E-3,2.4800905050014442E-3,3.762473420154499E-3,5.5179901401803504E-3]
[900,1.0337678700638562E-2,2.1735458602142245E-2,3.4497364877323945E-2,5.1957289462566572E-2,2.4667132994669799E-2,3.7427080850930244E-2,5.4887005436172864E-2,3.9974836420971479E-5,8.7507627565322897E-5,1.4121342909683188E-4,2.2531718238252648E-4,1.0162131596492441E-4,1.5532711749643337E-4,2.3943087078212802E-4,8.7740763160769706E-3,3.8408266413145885E-3,8.7740763160769706E-3,9.9503656661816594E-3,8.7740763160769706E-3,1.5938602730397398E-2,8.7740763160769706E-3,2.7238612831699996E-2,2.2267846157859341E-2,9.9503656661816577E-3,2.2267846157859341E-2,1.5938685815664873E-2,2.2267846157859341E-2,2.7238612831699992E-2,8.5242280577196145E-4,1.7922592820798294E-3,2.844578692376188E-3,4.2842866127432641E-3,2.0339988624687787E-3,3.0861567857427522E-3,4.5258647061098304E-3]
[1000,8.6584989568333562E-3,1.8204580780732591E-2,2.8898490374242029E-2,4.3523417518510681E-2,2.0662269749167135E-2,3.1354537555788292E-2,4.5979464700056941E-2,3.3484107665053901E-5,7.3296321691117237E-5,1.1830437244196282E-4,1.8875205727345698E-4,8.5128145979665763E-5,1.3013619673051135E-4,2.0058388156200552E-4,7.6067839209927922E-3,3.3254071216794684E-3,7.6067839209927922E-3,8.6156873574992875E-3,7.6067839209927922E-3,1.3805220243949784E-2,7.6067839209927922E-3,2.358972277763019E-2,1.9305359106390932E-2,8.615687357499284E-3,1.9305359106390932E-2,1.3805292186187257E-2,1.9305359106390932E-2,2.3589722777630183E-2,7.1396124684176767E-4,1.5011106725590002E-3,2.38290751345017E-3,3.5888476274293303E-3,1.7037664318309887E-3,2.5854278944978668E-3,3.7913680084770271E-3]

{"sheet":"Fresno","index":4,"n_rows":32,"n_cols":36,"rows_kept":32,"cut":false,"hidden":true,"merged":[[0,29,1,35],[0,0,2,0],[0,1,1,7],[0,8,1,14],[0,15,0,28],[1,15,1,16],[1,17,1,18],[1,19,1,20],[1,21,1,22],[1,23,1,24],[1,25,1,26],[1,27,1,28]]}
["Receptor Distance ","Max Cancer Risk ",null,null,null,null,null,null,"Chronic ",null,null,null,null,null,null,"Acute ",null,null,null,null,null,null,null,null,null,null,null,null,null,"worker Cancer Risk"]
[null,null,null,null,null,null,null,null,null,null,null,null,null,null,null,"Scenario 1 ",null,"Scenario 2",null,"Scenario 3",null,"Scenario 4",null,"Scenario 5",null,"Scenario 6",null,"Scenario 7"]
[null,"Scenario 1","Scenario 2","Scenario 3","Scenario 4","Scenario 5","Scenario 6","Scenario 7","Scenario 1","Scenario 2","Scenario 3","Scenario 4","Scenario 5","Scenario 6","Scenario 7","Loading ","Dispensing","Loading ","Dispensing","Loading ","Dispensing","Loading ","Dispensing","Loading ","Dispensing","Loading ","Dispensing","Loading ","Dispensing","Scenario 1","Scenario 2","Scenario 3","Scenario 4","Scenario 5","Scenario 6","Scenario 7"]
[10,7.0260284274250893,15.002477700159909,22.406037260417506,34.609449569182416,16.459822726743973,23.862408750485322,36.065821059250247,2.662596703163703E-2,5.9633438280889683E-2,8.9591389475066965E-2,0.14837473490414524,6.6649399415026164E-2,9.6607350609203446E-2,0.15539069603828173,0.42533208829260016,0.20898098843709023,0.42533208829260016,0.54353108052127808,0.42533208829260016,0.8417573333295012,0.41321583854384619,1.4899580331370681,1.0794560209997583,0.54353108052127808,1.0794560209997583,0.84176197220664806,1.0794560209997583,1.472667724584138,0.57935122951434992,1.2370721227688812,1.8475537594892,2.8538209555848688,1.3572416668718401,1.9676430278597883,2.9739102239554582]
[20,3.8492827556341753,8.15388572048413,12.535511008346843,19.10819951098361,9.088047205644278,13.469048454380161,20.04173695701693,1.4722185061044862E-2,3.2591538642243532E-2,5.0677888453989767E-2,8.2338264164702066E-2,3.7088785727412588E-2,5.5175135539158822E-2,8.6835511249871114E-2,0.2946508245711118,0.12344944866725155,0.2946508245711118,0.32324219442218383,0.2946508245711118,0.52052942525337675,0.2946508245711118,0.89531026921473023,0.74779828616416155,0.32324219442218383,0.74779828616416155,0.52053218089398146,0.74779828616416155,0.89531026921473067,0.31740359724709089,0.67235192203929484,1.033651342332808,1.5756211343071578,0.74938087382661678,1.1106288371926316,1.6525986291669812]
[30,2.4268007253259909,5.1233776008726295,7.9689224665806515,12.081394891455355,5.7468599483358229,8.5919883149846559,12.704460739859362,9.3157311980650061E-3,2.0523754930955481E-2,3.2353467775026241E-2,5.2163081758595353E-2,2.3525328228855377E-2,3.5355041072926141E-2,5.516465505649526E-2,0.16269117365487906,6.1713261964506494E-2,0.16269117365487906,0.16266189659983588,0.16269117365487906,0.26863355196880556,0.16318445566049916,0.46520804881163552,0.41289611529253589,0.16266189659983588,0.41289611529253589,0.26863494371269303,0.41289611529253589,0.45791765087271485,0.20010878101715726,0.4224627245665219,0.65710024896810748,0.99620590165733058,0.47387374123325543,0.70847692201603474,1.0475825747052578]
[40,1.6732943746975961,3.5269790620941128,5.5153118312745057,8.3403468885430563,3.9677721525788101,5.9558104628892279,8.7808455201577793,6.43393262823563E-3,1.4142833197510552E-2,2.2434597134931348E-2,3.6042677188196398E-2,1.6264902532241395E-2,2.4556666469662192E-2,3.8164746522927243E-2,0.14748682984790715,5.4002305292153774E-2,0.14748682984790715,0.14187355628407752,0.14748682984790715,0.23744138510684945,0.14748682984790715,0.40049238108492569,0.37430880688213553,0.14187355628407738,0.37430880688213553,0.23744258396733642,0.37430880688213553,0.40049238108492557,0.13797626402086369,0.29082712619260587,0.45478078029566776,0.68772710989790831,0.32717397869563936,0.49110335235205577,0.72404968195429609]
[50,1.2274873980672143,2.585176507096298,4.0535831319687681,6.1218984420000853,2.9125898423980394,4.3807777484139532,6.4490930584452721,4.7237361885088475E-3,1.0371504648890867E-2,1.6504517742842381E-2,2.6467509261083332E-2,1.1947740333215622E-2,1.8080753427167136E-2,2.8043744945408084E-2,0.10358702998469729,3.7785945960976841E-2,0.10358702998469729,9.8989332873957087E-2,0.10358702998469729,0.16619189793939435,0.10358702998469729,0.27911840229126683,0.26289491503763734,9.8989332873957059E-2,0.26289491503763734,0.16619272825093712,0.26289491503763734,0.27911840229126689,0.10121597722374044,0.2131681081806755,0.33424976794541644,0.50479861076146326,0.24016590933189785,0.36122953400899682,0.53177837682504359]
[60,0.94181302758336638,1.9826608935856282,3.1132484199920714,4.6985211985337907,2.2354947715367075,3.3659133997013218,4.9511861782430397,3.6259514392558132E-3,7.956319910268593E-3,1.2682128791486259E-2,2.0318323896801348E-2,9.1735146230783934E-3,1.389932350429606E-2,2.1535518609611143E-2,8.4338736366372832E-2,2.999826422889118E-2,8.4338736366372832E-2,7.8764654301771889E-2,8.4338736366372832E-2,0.133104727088458,8.4338736366372832E-2,0.22314159258320732,0.21404441207258035,7.8764654301771819E-2,0.21404441207258035,0.13310538909999475,0.21404441207258035,0.22314159258320732,7.7659881558865662E-2,0.16348596341074231,0.25671178511969445,0.38742997717522565,0.18433410252189034,0.27754599724419882,0.40826418929972996]
[70,0.74760871692290032,1.5734996907221359,2.4725587956138644,3.7303477519729769,1.7748643600537375,2.6737889491958664,3.9315779055549793,2.8789279886117652E-3,6.3152582354170156E-3,1.0074822838785916E-2,1.6133541566615294E-2,7.2846695059451787E-3,1.104423410931408E-2,1.710295283714346E-2,6.7020747048318938E-2,2.3664731826540428E-2,6.7020747048318938E-2,6.2104988132065372E-2,6.7020747048318938E-2,0.10523595445559765,6.7020747048318938E-2,0.17607276223525387,0.17009285432384419,6.2104988132065331E-2,0.17009285432384419,0.10523647529540825,0.17009285432384419,0.17607276223525392,6.1646210774535873E-2,0.12974740849353594,0.20388189331741574,0.3075964720247607,0.14635150709106581,0.22047490003484232,0.32418947874218734]
[80,0.60938816712762778,1.2824128271589765,2.0159494843385621,3.0408171087308986,1.4468327844037332,2.1802596056628891,3.205127230055226,2.3469295910156845E-3,5.1473074674083961E-3,8.2153662514986223E-3,1.3152112307391812E-2,5.9388592335742176E-3,9.006918017664442E-3,1.3943664073557634E-2,5.4621938145053353E-2,1.9180037715550005E-2,5.4621938145053353E-2,5.0311281470752839E-2,5.4621938145053353E-2,8.5434381337468959E-2,5.4621938145053353E-2,0.1427070085392973,0.13862575063650573,5.0311281470752867E-2,0.13862575063650573,8.5434802444309399E-2,0.13862575063650573,0.14270700853929735,5.0248840795862483E-2,0.10574501026205081,0.1662308691822921,0.25073925459723029,0.11930272716718385,0.17977952925308366,0.26428791466802193]
[90,0.5073165959698287,1.0675233042890606,1.6784998444322414,2.5314899807022391,1.2045251490011997,1.8154101690882598,2.6684003053582575,1.9539321367189953E-3,4.2849121119331634E-3,6.8406362052384857E-3,1.0949455325603888E-2,4.9444673993028028E-3,7.5001914926081268E-3,1.1609010612973529E-2,4.5450271179354178E-2,1.5886038028166002E-2,4.5450271179354178E-2,4.1652019322941082E-2,4.5450271179354178E-2,7.0858769522616605E-2,4.5450271179354178E-2,0.11819067407756537,0.11534885382754045,4.1652019322941047E-2,0.11534885382754045,7.0859117538584288E-2,0.11534885382754045,0.11819067407756539,4.1832238036627077E-2,8.8025681259839006E-2,0.1384054958866493,0.20874123240070497,9.9322559432135277E-2,0.14969482751147767,0.22003056402553331]
[100,0.42966234397112846,0.90407969554749501,1.421665154484429,2.1439895409400709,1.0201622908061141,1.537670204176746,2.2599945906323864,1.6548916652063663E-3,3.6289162857746711E-3,5.7941020303231344E-3,9.2735094982140838E-3,4.1877619687308533E-3,6.3529477132793161E-3,9.8323551811702638E-3,3.6662140369067675E-2,1.3169716749070658E-2,3.6662140369067675E-2,3.5059336811562647E-2,3.6662140369067675E-2,5.8500267664194056E-2,3.6662140369067675E-2,9.9969676587514295E-2,9.3045338580011697E-2,3.5059336811562661E-2,9.3045338580011697E-2,5.8500572575154494E-2,9.3045338580011697E-2,9.9969676587514308E-2,3.5429035026964359E-2,7.4548471957486234E-2,0.11722745840214494,0.17678877753484298,8.4120393702890331E-2,0.12679298590652868,0.18635430503922668]
[120,0.3209754209630038,0.67537544826421692,1.0620762191078919,1.601664920136026,0.76211179699141907,1.1487546261663535,1.6883433271944877,1.2362895749324703E-3,2.7109357232293417E-3,4.3286400896569901E-3,6.9278171230661512E-3,3.1285024905262668E-3,4.746206856953916E-3,7.345383890363078E-3,2.7486443162679629E-2,1.0496922605599392E-2,2.7486443162679629E-2,2.7509590474466616E-2,2.7486443162679629E-2,4.5514963878301187E-2,2.7486443162679629E-2,7.7117776902157389E-2,6.9758213369057881E-2,2.7509590474466605E-2,6.9758213369057881E-2,4.5515196243418557E-2,6.9758213369057881E-2,7.7117776902157403E-2,2.6466944547640037E-2,5.5690010420165081E-2,8.7576526302728219E-2,0.13206985288143475,6.2842103640076252E-2,9.4723841776951048E-2,0.13921716835565759]
[140,0.24996807046562181,0.52597216664675883,0.82709317876281485,1.2473201393318063,0.59350670003905626,0.89458259769479875,1.3148095582637904,9.6277915199485277E-4,2.1112159049880264E-3,3.3708787992352781E-3,5.3950951378077773E-3,2.436341151823368E-3,3.6960040460706201E-3,5.7202203846431184E-3,2.1490625178939082E-2,8.343084998787751E-3,2.0432034384498629E-2,2.3577612256949577E-2,2.0432034384498629E-2,3.7593885659001576E-2,2.0432034384498629E-2,6.4380535865713323E-2,5.4541346357333841E-2,2.183122141879152E-2,5.4541346357333841E-2,3.5976718245946775E-2,5.1854734558490288E-2,6.4380535865713323E-2,2.0611830774596128E-2,4.3370536368410553E-2,6.820032896092032E-2,0.10285134251651831,4.8939289094030329E-2,7.3765361644937438E-2,0.1084163752005354]
[160,0.20083830356249299,0.42258260889166954,0.664500650511477,1.0020719252858614,0.47683187078215639,0.71871367277684672,1.056284947551231,7.7353137159068806E-4,1.6961736175129544E-3,2.7081486638779128E-3,4.3342158940856959E-3,1.9573408126770104E-3,2.9693158590419684E-3,4.5953830892497523E-3,1.7160560138286606E-2,7.6449272808794579E-3,1.7160560138286606E-2,1.9791347462141302E-2,1.7160560138286606E-2,3.1562334588196447E-2,1.7160560138286606E-2,5.4043325000352624E-2,4.3552016118423215E-2,1.9791347462141298E-2,4.3552016118423215E-2,3.1562499883544398E-2,4.3552016118423215E-2,5.4043325000352638E-2,1.6560695605546943E-2,3.4845255262152972E-2,5.4793297929766185E-2,8.2628700975657332E-2,3.9318533003788549E-2,5.9263587429668099E-2,8.709899047555926E-2]
[180,0.16531353511203151,0.34783873693715694,0.54696279066034614,0.82483702250433888,0.39249168780911831,0.59158591244074776,0.86946014428474061,6.3670802663253509E-4,1.3961688352591647E-3,2.2291297409707117E-3,3.5676387205118916E-3,1.6111373994134651E-3,2.4440983051250112E-3,3.782607284666192E-3,1.4691869775533287E-2,6.5438726223632851E-3,1.4691869775533287E-2,1.6940059937454864E-2,1.4691869775533287E-2,2.7017600631776523E-2,1.4691869775533287E-2,4.6257005584350606E-2,3.7286693681182329E-2,1.6940059937454864E-2,3.7286693681182329E-2,2.7017742092809952E-2,3.7286693681182329E-2,4.62570055843506E-2,1.3631399418863261E-2,2.8682035946602923E-2,4.5101378188389073E-2,6.801429115651543E-2,3.2364022470901033E-2,4.8780905069796633E-2,7.1693818037922991E-2]
[200,0.13875248309425803,0.29195641478662882,0.45908821533114935,0.69233829979917483,0.32943661808686564,0.49654338108304763,0.72979346555107305,5.344117569533502E-4,1.1718774994673236E-3,1.8710147533090072E-3,2.9945710127986381E-3,1.3523149695634465E-3,2.0514522234051299E-3,3.1750084828947606E-3,1.2774020549254372E-2,5.6895532481766389E-3,1.2774020549254372E-2,1.4727780119963001E-2,1.2774020549254372E-2,2.3490120114460864E-2,1.2774020549254372E-2,4.0214943860394606E-2,3.2419358364472524E-2,1.4727780119962994E-2,3.2419358364472524E-2,2.3490243086603545E-2,3.2419358364472524E-2,4.0214943860394613E-2,1.1441232057224627E-2,2.4074099559717208E-2,3.7855429244985909E-2,5.7088730763294807E-2,2.7164636708653551E-2,4.094390185140525E-2,6.0177203369714161E-2]
[220,0.11833481199751698,0.24899930082162819,0.39154190346847056,0.59049089089683116,0.28096737083470591,0.42348861815186045,0.62243760558022099,4.5577780508471031E-4,9.9946663747481693E-4,1.5957509454230029E-3,2.5540802024265545E-3,1.1533675550020979E-3,1.749651862950284E-3,2.707981119953835E-3,1.1248310928867179E-2,5.0104201664514479E-3,1.1248310928867179E-2,1.2969213180421706E-2,1.1248310928867179E-2,2.0685437665124626E-2,1.1248310928867179E-2,3.5411737987711425E-2,2.8547239421753048E-2,1.2969213180421702E-2,2.8547239421753048E-2,2.0685545942780163E-2,2.8547239421753048E-2,3.5411737987711411E-2,9.7576347054769835E-3,2.0531948108284515E-2,3.2285705291969634E-2,4.8690611942695625E-2,2.3167966572853253E-2,3.4919962841870995E-2,5.1324869492596986E-2]
[240,0.10227471875709894,0.21520993880173261,0.33841384956784337,0.51038264413824475,0.24284344767640925,0.36602889868901556,0.53799769325941682,3.9392734530558352E-4,8.6385313543514968E-4,1.3792492581102406E-3,2.2076160131197006E-3,9.9688657688379572E-4,1.5122826995588865E-3,2.3406494545683463E-3,1.0010381371878273E-2,4.4596232250761897E-3,1.0010381371878273E-2,1.15430204714797E-2,1.0010381371878273E-2,1.8410514630210789E-2,1.0010381371878273E-2,3.1516256268977638E-2,2.540548136811201E-2,1.15430204714797E-2,2.540548136811201E-2,1.8410610992429913E-2,2.540548136811201E-2,3.1516256268977638E-2,8.4333538744127672E-3,1.7745749812484821E-2,2.7904879955583512E-2,4.2085057790271746E-2,2.0024349665546729E-2,3.0181957656977561E-2,4.4362135491665788E-2]
[260,8.9395948504960437E-2,0.18811349927298016,0.29581157281955139,0.44614412776539958,0.21227195206552218,0.31995388726767893,0.47028644221352739,3.4432965655247796E-4,7.5510292350479272E-4,1.205644607695305E-3,1.9297904681339145E-3,8.714067244314903E-4,1.3219484086220024E-3,2.0460942690606119E-3,8.989098519900849E-3,4.0053247095221019E-3,8.989098519900849E-3,1.0366741531081736E-2,8.989098519900849E-3,1.6534057785846119E-2,8.989098519900849E-3,2.8303382301647546E-2,2.281355389765876E-2,1.036674153108174E-2,2.281355389765876E-2,1.6534144321828544E-2,2.281355389765876E-2,2.8303382301647549E-2,7.3713981113126574E-3,1.5511435545385118E-2,2.4391987619723873E-2,3.6788087556346188E-2,1.7503489729779151E-2,2.638271107086293E-2,3.8778811007485259E-2]
[280,7.889718967029849E-2,0.16602407959976287,0.2610835726937728,0.39377734838587597,0.18735038726899983,0.2823956339499134,0.41508940964201646,3.0389835365999065E-4,6.6644897060832476E-4,1.0641303996261244E-3,1.7033109710467233E-3,7.6911823767455598E-4,1.1667996666923557E-3,1.8059802381129543E-3,8.1344861682375695E-3,3.6252034372259139E-3,8.1344861682375695E-3,9.3825632568676799E-3,8.1344861682375695E-3,1.4963964405256405E-2,8.1344861682375695E-3,2.5615247485910427E-2,2.0644621729086848E-2,9.3825632568676834E-3,2.0644621729086848E-2,1.4964042720646907E-2,2.0644621729086848E-2,2.5615247485910431E-2,6.5056929832926786E-3,1.3689989392821376E-2,2.1528391239596812E-2,3.2470035283626825E-2,1.5448510966822721E-2,2.3285738084940447E-2,3.422738212897046E-2]
[300,7.021701645185216E-2,0.14776064617091642,0.23237192258212161,0.35048149553087926,0.16674583588850581,0.251344429801661,0.36945400275041856,2.704709235584176E-4,5.9315071543038179E-4,9.4713400310629731E-4,1.516063057493907E-3,6.8454935525353103E-4,1.0385326429294464E-3,1.607461697317056E-3,7.4105083863087989E-3,3.3031895996104062E-3,7.4105083863087989E-3,8.5488642834033336E-3,7.4105083863087989E-3,1.3633897915142619E-2,7.4105083863087989E-3,2.3338177709394878E-2,1.8807228790053664E-2,8.5488642834033388E-3,1.8807228790053664E-2,1.3633969267528606E-2,1.8807228790053664E-2,2.3338177709394871E-2,5.7899445233412566E-3,1.21840258571695E-2,1.9160890173326995E-2,2.8899952150102229E-2,1.374950386783556E-2,2.0725322412414624E-2,3.0464384389189865E-2]
[350,5.4077911470071433E-2,0.11380222751820107,0.17898987004750622,0.26997976444437066,0.12843561472392856,0.19361348184896002,0.28460337624582438,2.0831988611962708E-4,4.568629227919719E-4,7.2961211056067014E-4,1.1679067659862365E-3,5.2731108298969826E-4,8.0006027075839661E-4,1.238354926183963E-3,6.0134444825434754E-3,2.6817243399269875E-3,6.0134444825434754E-3,6.9399796529381851E-3,6.0134444825434754E-3,1.1067094042628572E-2,6.0134444825434754E-3,1.8944084645436843E-2,1.5261601539839111E-2,6.9399796529381851E-3,1.5261601539839111E-2,1.106715195955655E-2,1.5261601539839111E-2,1.8944084645436843E-2,4.4591485536069715E-3,9.3838875141449216E-3,1.4759120654545922E-2,2.2261952124233465E-2,1.0590525226640595E-2,1.5964952308178685E-2,2.3467783777866236E-2]
[400,4.3100751309477298E-2,9.0704074140906449E-2,0.14268170720220824,0.21522221577505915,0.10237784983525675,0.15434768457377737,0.2268881931466282,1.6604723859670967E-4,3.6416051264985956E-4,5.8166309621227497E-4,9.3108780342930717E-4,4.2036048936516367E-4,6.3786307292757925E-4,9.8728778014461134E-4,5.0150086993236281E-3,2.2374449681391226E-3,5.0150086993236281E-3,5.789898471126367E-3,5.0150086993236281E-3,9.2323196653020054E-3,5.0150086993236281E-3,1.5803324693913504E-2,1.272765795212456E-2,5.7898984711263687E-3,1.272765795212456E-2,9.2323679797464663E-3,1.272765795212456E-2,1.5803324693913497E-2,3.553995478678859E-3,7.4792633446194787E-3,1.1765227446866484E-2,1.7746762145364612E-2,8.4418578418460084E-3,1.2727178911128074E-2,1.8708713609626205E-2]
[450,3.5270239983381024E-2,7.4226477655331885E-2,0.11678038321712733,0.1761572990867063,8.3788694672102149E-2,0.12633621247583604,0.18571312834541492,1.3589157408796295E-4,2.9802749074857299E-4,4.7611759567770163E-4,7.6213380718994164E-4,3.440619861645896E-4,5.221520910937183E-4,8.0816830260595815E-4,4.271201021508555E-3,1.9063421071995662E-3,4.271201021508555E-3,4.9328522385503086E-3,4.271201021508555E-3,7.865116328606505E-3,4.271201021508555E-3,1.3463023338167193E-2,1.0839938453916885E-2,4.9328522385503112E-3,1.0839938453916885E-2,7.8651574881804399E-3,1.0839938453916885E-2,1.3463023338167191E-2,2.9083083153887295E-3,6.1205560917287419E-3,9.6294598433321003E-3,1.4525552930507056E-2,6.9090359908314507E-3,1.0417413021610228E-2,1.531350610878518E-2]
[500,2.9472507885284219E-2,6.2025967699181457E-2,9.7601907948008187E-2,0.14723028942471802,7.0024399497696357E-2,0.1055949966292197,0.15522337810592951,1.1356360078123614E-4,2.4905912858687204E-4,3.9796468007931453E-4,6.3702259417897837E-4,2.8756523771598903E-4,4.3647078920843152E-4,6.7552870330809536E-4,3.6988356679634508E-3,1.6514553948132784E-3,3.6988356679634508E-3,4.273129194885001E-3,3.6988356679634508E-3,6.8127645680974274E-3,3.6988356679634508E-3,1.1661696607460168E-2,9.3873247337150773E-3,4.273129194885001E-3,9.3873247337150773E-3,6.8128002207040947E-3,9.3873247337150773E-3,1.1661696607460168E-2,2.4302397658343146E-3,5.114528217402557E-3,8.0480439207883947E-3,1.2140293777778543E-2,5.7740617425685687E-3,8.7071368639654329E-3,1.2799386720955583E-2]
[600,2.1594936108594243E-2,4.5448007342716361E-2,7.1540799276717665E-2,0.10791958008693482,5.132061246538204E-2,7.7409481378116499E-2,0.11378826218833366,8.3224288052767621E-5,1.8251799863355992E-4,2.91758892942741E-4,4.6699401444394591E-4,2.1078993736129434E-4,3.2003083167047539E-4,4.9526595317168031E-4,2.8821176111634857E-3,1.2875555125767221E-3,2.8821176111634857E-3,3.3313182879561479E-3,2.8821176111634857E-3,5.3105932252212797E-3,2.8821176111634857E-3,9.090431827691238E-3,7.3145650051674969E-3,3.3313182879561466E-3,7.3145650051674969E-3,5.310621017134606E-3,7.3145650051674969E-3,9.090431827691238E-3,1.7806720987582137E-3,3.7475451750526891E-3,5.8991008148532847E-3,8.8988170284064333E-3,4.2317875935701313E-3,6.3830197494540554E-3,9.3827359630072032E-3]
[700,1.6603140500214799E-2,3.4942588776514412E-2,5.5023308273993959E-2,8.3003004847805206E-2,3.9466699956723035E-2,5.9544397254684175E-2,8.7524093828495436E-2,6.3997259628811523E-5,1.4034742816775115E-4,2.2443867042789826E-4,3.5921574155232749E-4,1.6212743745028536E-4,2.462186797104325E-4,3.8099575083486175E-4,2.3329423255835234E-3,1.0426979295214147E-3,2.3329423255835234E-3,2.6976552534959939E-3,2.3329423255835234E-3,4.3000433515171712E-3,2.3329423255835234E-3,7.360677492002499E-3,5.9208056700012831E-3,2.6976552534959952E-3,5.9208056700012831E-3,4.3000658553560105E-3,5.9208056700012831E-3,7.3606774920025007E-3,1.3690593429785121E-3,2.8812908998586298E-3,4.5371039456736355E-3,6.8442496936473151E-3,3.2543394011260874E-3,4.9099032428530512E-3,7.2170489908267308E-3]
[800,1.3225462490417388E-2,2.7833932256558676E-2,4.384425679502868E-2,6.6138740745548472E-2,3.1444460775867808E-2,4.7452373406867455E-2,6.9746857357387254E-2,5.0985942563626441E-5,1.1180938768398412E-4,1.7887077778732633E-4,2.8626240875640927E-4,1.2919122060829811E-4,1.9625261071164036E-4,3.0364424168072328E-4,1.9419842367249733E-3,8.6828359424199119E-4,1.9419842367249733E-3,2.2463217200574029E-3,1.9419842367249733E-3,3.580349867757127E-3,1.9419842367249733E-3,6.1287747487301699E-3,4.9285878839625359E-3,2.2463217200574042E-3,4.9285878839625359E-3,3.5803686054893076E-3,4.9285878839625359E-3,6.128774748730169E-3,1.0905432612272081E-3,2.295126335115917E-3,3.6153033457981382E-3,5.4536586586950405E-3,2.5928427702919354E-3,3.9128209002589915E-3,5.7511762131558959E-3]
[900,1.0824884667934773E-2,2.2781584574247293E-2,3.58972748018032E-2,5.4149938973550506E-2,2.5741994589209498E-2,3.8855707201856056E-2,5.7108371373603375E-2,4.1737549100016917E-5,9.1524653394326058E-5,1.4647348895983848E-4,2.3439583689510821E-4,1.0577668103857391E-4,1.6072551660408632E-4,2.4864786453935607E-4,1.6515303385949915E-3,7.386431296425894E-4,1.6515303385949915E-3,1.9108683178805661E-3,1.6515303385949915E-3,3.0454905535103292E-3,1.6515303385949915E-3,5.2132466281114408E-3,4.1914410337969069E-3,1.9108683178805661E-3,4.1914410337969069E-3,3.0455064923096461E-3,4.1914410337969069E-3,5.2132466281114391E-3,8.9259676451628064E-4,1.8785205852365648E-3,2.9600122611887782E-3,4.4650877870061091E-3,2.1226296433981048E-3,3.2039582494679426E-3,4.7090337752852731E-3]
[1000,9.0526171354435529E-3,1.9051564111581761E-2,3.0028864034624084E-2,4.5296756153227286E-2,2.1531369527996173E-2,3.2507012889907108E-2,4.777490500851031E-2,3.4908984294203027E-5,7.654755222022831E-5,1.2254684200829064E-4,1.9609166321679305E-4,8.8485849675131703E-5,1.34485139463194E-4,2.0802996067169645E-4,1.4284788351395076E-3,6.3904565303999901E-4,1.4284788351395076E-3,1.6531649803495382E-3,1.4284788351395076E-3,2.6346333020763569E-3,1.4284788351395076E-3,4.5099698327253834E-3,3.6253556265928451E-3,1.6531649803495385E-3,3.6253556265928451E-3,2.6346470908106914E-3,3.6253556265928451E-3,4.5099698327253843E-3,7.4645938625442785E-4,1.5709511007858837E-3,2.4761157002256085E-3,3.7350733264825977E-3,1.7754305349066126E-3,2.6804585378696569E-3,3.9394161641266466E-3]

{"sheet":"Ontario","index":5,"n_rows":32,"n_cols":36,"rows_kept":32,"cut":false,"hidden":true,"merged":[[0,29,1,35],[0,0,2,0],[0,1,1,7],[0,8,1,14],[0,15,0,28],[1,15,1,16],[1,17,1,18],[1,19,1,20],[1,21,1,22],[1,23,1,24],[1,25,1,26],[1,27,1,28]]}
["Receptor Distance ","Max Cancer Risk ",null,null,null,null,null,null,"Chronic ",null,null,null,null,null,null,"Acute ",null,null,null,null,null,null,null,null,null,null,null,null,null,"worker Cancer Risk"]
[null,null,null,null,null,null,null,null,null,null,null,null,null,null,null,"Scenario 1 ",null,"Scenario 2",null,"Scenario 3",null,"Scenario 4",null,"Scenario 5",null,"Scenario 6",null,"Scenario 7"]
[null,"Scenario 1","Scenario 2","Scenario 3","Scenario 4","Scenario 5","Scenario 6","Scenario 7","Scenario 1","Scenario 2","Scenario 3","Scenario 4","Scenario 5","Scenario 6","Scenario 7","Loading ","Dispensing","Loading ","Dispensing","Loading ","Dispensing","Loading ","Dispensing","Loading ","Dispensing","Loading ","Dispensing","Loading ","Dispensing","Scenario 1","Scenario 2","Scenario 3","Scenario 4","Scenario 5","Scenario 6","Scenario 7"]
[10,7.4572068602988226,15.996368012789098,23.529023003498967,36.627039193976536,17.409246938340097,24.940958096805733,38.038974287283317,2.8130452492007473E-2,6.3419407305702766E-2,9.3547717211491008E-2,0.15664033349615936,7.0221299409552143E-2,0.10034960931534037,0.16344222560000873,0.40191081683097896,0.20446190227778049,0.40191081683097896,0.53273805891370452,0.40191081683097896,0.81679568735743169,0.40191081683097896,1.4399441766327312,1.0200148615043474,0.53273805891370474,1.0200148615043474,0.81680026916385895,1.0200148615043474,1.439944176632731,0.61490527797939665,1.3190261855188308,1.9401527544550894,3.0201870672301436,1.4355291503343133,2.0565778928887406,3.1366122056637944]
[20,4.2354469064198899,8.9984826763400036,13.692013492946005,20.972370156867413,9.973331848635155,14.666211445900686,21.946568109822095,1.6146866130667684E-2,3.5897921527965414E-2,5.5142837769889347E-2,9.0212022502327308E-2,4.0591047575473417E-2,5.9835963817397343E-2,9.4905148549835325E-2,0.29531102856460728,0.12088881849026212,0.29531102856460728,0.31745685987385247,0.29531102856460728,0.51366963565054946,0.29531102856460728,0.88328711447256025,0.74947382674876128,0.3174568598738523,0.74947382674876128,0.51367235332662387,0.74947382674876128,0.88328711447256025,0.34924586459101331,0.74199557490428925,1.1290140558928039,1.7293366461177395,0.82237954607578445,1.2093443289146992,1.8096669191396346]
[30,2.7196307660101264,5.7525161157168778,8.8854378114491439,13.512270201785167,6.4278165968529528,9.5602871779446676,14.187119568280691,1.0416407383473136E-2,2.3011985225666512E-2,3.5981142476828092E-2,5.8268407691019403E-2,2.6263021763403699E-2,3.9232179014565279E-2,6.1519444228756583E-2,0.1470550199433501,5.5693292686960993E-2,0.1470550199433501,0.14744708218300631,0.1470550199433501,0.24288926906134758,0.1470550199433501,0.4162385214663693,0.37321291072421203,0.14744708218300617,0.37321291072421203,0.24289054364153595,0.37321291072421203,0.4162385214663693,0.2242549178939853,0.47434013665997499,0.73267413788744462,1.1141928097497458,0.53002396545159813,0.78832076873369161,1.1698394405959931]
[40,1.8953621815747863,4.0006645767698643,6.2238751476826479,9.4330117878279705,4.4878163058371383,6.7107014493538371,9.9198380894991605,7.2756398447380915E-3,1.6025546849807806E-2,2.5268522947302488E-2,4.0726804850248897E-2,1.8370796283001121E-2,2.7613772380495807E-2,4.307205428344222E-2,0.14143142117476476,5.2858915344256546E-2,0.14143142117476476,0.13927504669988428,0.14143142117476476,0.23112873105836912,0.14143142117476476,0.39275484785033338,0.35894070385920762,0.13927504669988428,0.35894070385920762,0.23112991944218697,0.35894070385920762,0.39275484785033354,0.15628749892103405,0.32988621742248692,0.51320739111714808,0.77782591313885752,0.37005570379881803,0.55335004344861483,0.81796856547032448]
[50,1.4007254945021903,2.9534692190756626,4.6115799461839657,6.9775563100334281,3.3197608744152571,4.9776269111478681,7.3436032749973306,5.383088120115849E-3,1.1839043422962213E-2,1.8747422848676285E-2,3.014423567071832E-2,1.3602447401253324E-2,2.0510826826967397E-2,3.1907639649009431E-2,0.10927915640227442,3.8492504016467977E-2,0.10927915640227442,0.10152378455134223,0.10927915640227442,0.17157343776783363,0.10927915640227442,0.2887413047493505,0.27734103914365238,0.10152378455134231,0.27734103914365238,0.17157429926472451,0.27734103914365238,0.28874130474935056,0.11550081896684614,0.24353673502447776,0.38026098804222158,0.57535432271300446,0.27374035903110761,0.41044443540546427,0.60553777007624721]
[60,1.0807644726903112,2.2773608646384966,3.5629887178506263,5.3854998612981397,2.5625531547762157,3.8479904936602094,5.6705016371077246,4.1559190939785091E-3,9.1319725448079994E-3,1.4494442073138361E-2,2.3273404824128329E-2,1.0504947363304895E-2,1.5867416891635257E-2,2.4646379642625227E-2,8.3885461896781199E-2,2.9240887027478013E-2,8.3885461896781199E-2,7.70975953412186E-2,8.3885461896781199E-2,0.13076772880510068,8.3885461896781199E-2,0.21954679537793637,0.21289404070668996,7.7097595341218544E-2,0.21289404070668996,0.13076838156845463,0.21289404070668996,0.21954679537793639,8.9117519596775885E-2,0.18778629073376935,0.29379640514620253,0.44407676376793376,0.21130263508762401,0.31729704009731491,0.4675773987190463]
[70,0.86143768689081701,1.8145361543176577,2.8421526988389396,4.2934561838787015,2.0430390291554477,3.0705029290464854,4.5218064140862468,3.3136718344532537E-3,7.2775528692553652E-3,1.156659389419535E-2,1.8557464310188999E-2,8.3776130881165929E-3,1.2666654113056577E-2,1.9657524529050226E-2,6.6401607041968458E-2,2.2993568350312951E-2,6.6401607041968458E-2,6.0597463475006025E-2,6.6401607041968458E-2,0.10303818077287835,6.6401607041968458E-2,0.17267377198555248,0.16852153058389374,6.0597463475006053E-2,0.16852153058389374,0.10303869278053762,0.16852153058389374,0.17267377198555245,7.1032303413707407E-2,0.14962275812872572,0.23435781359958405,0.35402918514915654,0.16846461492624415,0.25318708364839743,0.37285845519796995]
[80,0.70438921866969095,1.4833147727704741,2.3250256334978698,3.5107245757161309,1.6707319274493766,2.5123175896544443,3.6980165318727054,2.7100702566090294E-3,5.9496872717555915E-3,9.4641264631471229E-3,1.5175590497288475E-2,6.851952314769945E-3,1.0366391506161476E-2,1.6077855540302829E-2,5.3910569312254811E-2,1.8581842481045566E-2,5.3910569312254811E-2,4.8945918976661312E-2,5.3910569312254811E-2,8.338275240215158E-2,5.3910569312254811E-2,0.13952297220422427,0.136820358118865,4.8945918976661312E-2,0.136820358118865,8.3383165182771835E-2,0.136820358118865,0.13952297220422422,5.8082423677652942E-2,0.12231095365441219,0.19171662530733946,0.28948681612049598,0.1377649701186035,0.2071603181699978,0.30493050898315432]
[90,0.58782293857978107,1.2376171188055922,1.9408145111867068,2.9297191626082082,1.3943273768442015,2.0974200835428674,3.0863247349643688,2.261865361542647E-3,4.964466283929333E-3,7.9012752354337933E-3,1.2664789099435631E-2,5.7189019595335414E-3,8.6557109110380007E-3,1.3419224775039838E-2,4.4694633079266369E-2,1.5350842236068585E-2,4.4694633079266369E-2,4.0414816677625046E-2,4.4694633079266369E-2,6.8954200402701518E-2,4.4694633079266369E-2,0.11522916797994791,0.11343110974171103,4.0414816677625032E-2,0.11343110974171103,6.8954540647358287E-2,0.11343110974171103,0.11522916797994795,4.8470618318824814E-2,0.10205125226212612,0.16003540050113163,0.24157835632482061,0.11497324391217303,0.17294875999441103,0.25449171581809993]
[100,0.49882698776466389,1.0501040889888777,1.6472784410416561,2.486102092326643,1.1832611914722697,1.7803465918359833,2.61917024312097,1.9195696997377524E-3,4.2124419657313238E-3,6.7068587770077806E-3,1.0747438509952701E-2,4.8534878668158987E-3,7.3479046780923554E-3,1.1388484411037276E-2,3.7705541924884636E-2,1.2912603557604117E-2,3.7705541924884636E-2,3.3979155232693764E-2,3.7705541924884636E-2,5.8049469781998958E-2,3.7705541924884636E-2,9.6893632065435817E-2,9.5693401406092934E-2,3.397915523269375E-2,9.5693401406092934E-2,5.8049755390381971E-2,9.5693401406092934E-2,9.6893632065435817E-2,4.113220315880637E-2,8.6589330139774642E-2,0.13583104594976966,0.2049986445066935,9.7569179116929083E-2,0.14680356016149301,0.21597115871841691]
[120,0.37380367185817936,0.78681300472397731,1.2346773588770421,1.8630296665148065,0.88674185144436213,1.3345394510681057,1.9628917587058698,1.4385920986821007E-3,3.1564154383184381E-3,5.0274956255855503E-3,8.0542433758438899E-3,3.6374936263798012E-3,5.5085738136469138E-3,8.5353215639052526E-3,2.7981469651423604E-2,9.5354164587434787E-3,2.7981469651423604E-2,2.5070335959970165E-2,2.7981469651423604E-2,4.2925883261979852E-2,2.7981469651423604E-2,7.1504453159315529E-2,7.10145477452723E-2,2.507033595997013E-2,7.10145477452723E-2,4.2926093390829534E-2,7.10145477452723E-2,7.1504453159315529E-2,3.0823048771435366E-2,6.4878912232322658E-2,0.10180884596578461,0.15362142909982845,7.3118830531745643E-2,0.11004325982994412,0.16185584296398794]
[140,0.29183101898830255,0.61422262800830452,0.96400221850387402,1.4544264635302637,0.69228674449737326,1.0420141865540875,1.5324384315804769,1.1231574387897023E-3,2.464073741107538E-3,3.925489915172828E-3,6.2878437448041806E-3,2.8398905842485036E-3,4.3013067583137941E-3,6.6636605879451458E-3,2.1683230418742927E-2,7.4821780716085133E-3,2.1683230418742927E-2,1.9992035317555099E-2,2.1683230418742927E-2,3.3710537594863046E-2,2.1683230418742927E-2,5.7433484942262775E-2,5.5030161782986226E-2,1.9992035317555099E-2,5.5030161782986226E-2,3.3710712021912947E-2,5.5030161782986226E-2,5.7433484942262761E-2,2.4063759691228682E-2,5.064748006756345E-2,7.948955463441798E-2,0.11992888565543031,5.7084479623722109E-2,8.5922254142195065E-2,0.12636158516320736]
[160,0.23496447837685841,0.49451825304799629,0.77619701246998929,1.1710173069579957,0.55739371764759038,0.839030474963255,1.2338507694512615,9.0431842808719133E-4,1.9838795758642396E-3,3.1608163526183519E-3,5.0626498042857576E-3,2.2865750994874373E-3,3.4635118762415492E-3,5.3653453279089549E-3,1.7362671065615485E-2,6.3245206836070704E-3,1.7362671065615485E-2,1.6647163132689217E-2,1.7362671065615485E-2,2.787035801970467E-2,1.7362671065615485E-2,4.7076849909307383E-2,4.4064956156149492E-2,1.6647163132689213E-2,4.4064956156149492E-2,2.787049923873914E-2,4.4064956156149492E-2,4.707684990930739E-2,1.9374666761733963E-2,4.077691413862411E-2,6.4003540288073785E-2,9.65595746696018E-2,4.5961490047806801E-2,6.9184652793685769E-2,0.10174068717521374]
[180,0.1937915361755132,0.40786101701924371,0.64020978425542807,0.96584887116958618,0.45973146318356917,0.69204557989257298,1.0176846668067312,7.4586829808079909E-4,1.636255585545248E-3,2.6071064747802911E-3,4.1756968368002684E-3,1.8859706685631905E-3,2.8568215577982337E-3,4.4254119198182109E-3,1.4261295956065165E-2,5.2582147739779483E-3,1.4261295956065165E-2,1.3823870894182654E-2,1.4261295956065165E-2,2.3073930637800007E-2,1.4261295956065165E-2,3.9002764732521802E-2,3.619393460021219E-2,1.3823870894182654E-2,3.619393460021219E-2,2.3074047757291889E-2,3.619393460021219E-2,3.9002764732521809E-2,1.5979634285923944E-2,3.3631344382087813E-2,5.2790325215269489E-2,7.9641825651169118E-2,3.7908470082783703E-2,5.7064593707838104E-2,8.3916094143737713E-2]
[200,0.16295180305547707,0.3429565880894907,0.53834761562508038,0.81218212244012111,0.38658116090357958,0.5819430463253491,0.85577755314038984,6.2718298159547775E-4,1.3758934058451903E-3,2.1923395502358445E-3,3.5113893370687017E-3,1.5859111447977577E-3,2.4023572891884119E-3,3.7214070760212691E-3,1.1949665676105763E-2,4.4548400528274627E-3,1.1949665676105763E-2,1.1699933917444325E-2,1.1949665676105763E-2,1.9474639792005002E-2,1.1949665676105763E-2,3.294283505218909E-2,3.0327217057116954E-2,1.1699933917444331E-2,3.0327217057116954E-2,1.947473881922672E-2,3.0327217057116954E-2,3.294283505218909E-2,1.3436656060665703E-2,2.8279464427460335E-2,4.4390989339166652E-2,6.6970795248789267E-2,3.1876653103530508E-2,4.7985775019056716E-2,7.0565580928679345E-2]
[220,0.13920631378891898,0.29298413121395239,0.45991678777043488,0.6938692911415254,0.33025900351995141,0.49716675969343177,0.73111926306452246,5.3579939974925941E-4,1.1754314508602183E-3,1.8729805974535827E-3,2.9999203804995825E-3,1.3548804149753093E-3,2.0524295615686737E-3,3.1793693446146732E-3,1.01774169019815E-2,3.8330613223479023E-3,1.01774169019815E-2,1.005813702282945E-2,1.01774169019815E-2,1.6698609899567465E-2,1.01774169019815E-2,2.8267902080537359E-2,2.5829403083999041E-2,1.0058137022829452E-2,2.5829403083999041E-2,1.669869496477774E-2,2.5829403083999041E-2,2.8267902080537356E-2,1.1478653962595354E-2,2.4158842851309644E-2,3.7923751550595713E-2,5.7214973024584913E-2,2.7232448847006589E-2,4.099530431413502E-2,6.0286525788124219E-2]
[240,0.12050101771286198,0.25361946827710224,0.39813410266592641,0.60067269035297377,0.28589248260664918,0.43038555795669681,0.63292414564374411,4.6381315650378778E-4,1.0175232936046248E-3,1.621411732402697E-3,2.5970319492312419E-3,1.1728922763006864E-3,1.7767807150987584E-3,2.7524009319273035E-3,8.7868198212204401E-3,3.3644491494464589E-3,8.7868198212204401E-3,8.8013674336733343E-3,8.7868198212204401E-3,1.4568245419603276E-2,8.1291713751804485E-3,2.5474735547098996E-2,2.2300188070765517E-2,8.8013674336733343E-3,2.2300188070765517E-2,1.4568319461196605E-2,2.2300188070765517E-2,2.4638270803307029E-2,9.9362553810876074E-3,2.0912917203917965E-2,3.2829283893977837E-2,4.9530181280411291E-2,2.3574080722553129E-2,3.5488669700531217E-2,5.2189567086964671E-2]
[260,0.10548071120191557,0.22200980347279103,0.34852358072382206,0.52583749912311784,0.25026670199496853,0.37676160305536155,0.55407552145465744,4.0600883873299177E-4,8.9072453318283942E-4,1.4194076713525078E-3,2.2735216724965126E-3,1.0267591016525459E-3,1.5554422398222146E-3,2.409556240966219E-3,7.6741829263470571E-3,2.9964818280518403E-3,7.2938151074880518E-3,8.3657987522677002E-3,7.2938151074880518E-3,1.3360478548817379E-2,7.2938151074880518E-3,2.2863007929703083E-2,1.9476411947551144E-2,7.8058084375808544E-3,1.9476411947551144E-2,1.2880372604241335E-2,1.8511071350019174E-2,2.2863007929703073E-2,8.6977131328336635E-3,1.8306452063892115E-2,2.8738506695892937E-2,4.3359431973345408E-2,2.0636455289780756E-2,3.1066953431601166E-2,4.568787870905363E-2]
[280,9.3220965461025429E-2,0.19620950380988197,0.30803185295437685,0.46475709147026673,0.22118887082095651,0.33299453323341865,0.48971977174930853,3.5882879797479849E-4,7.8723018957913005E-4,1.2545354853577217E-3,2.0094746449989356E-3,9.0748604176796711E-4,1.3747913375465586E-3,2.129730497187773E-3,6.5956568281610607E-3,2.9225494573045241E-3,6.5956568281610607E-3,7.5675449989725391E-3,6.5956568281610607E-3,1.2084748933638314E-2,6.5956568281610607E-3,2.0679914823067129E-2,1.6739206073511037E-2,7.5675449989725356E-3,1.6739206073511037E-2,1.2084812131073583E-2,1.6739206073511037E-2,2.0679914823067136E-2,7.6868008027904701E-3,1.6179014709212493E-2,2.5399645700565934E-2,3.8322872608628225E-2,1.8238759718764052E-2,2.7458014757996092E-2,4.0381241666058387E-2]
[300,8.3072802846202165E-2,0.17485281479228698,0.27451467159608495,0.41419696396160144,0.19711937093951268,0.29676635322485079,0.43644864559036722,3.1977509415444244E-4,7.0156096983021608E-4,1.1180626456427584E-3,1.7909066203194342E-3,8.0875678802721325E-4,1.2252584638397554E-3,1.8981024385164313E-3,6.0048518778891688E-3,2.6617223655175494E-3,6.0048518778891688E-3,6.8918669911179472E-3,6.0048518778891688E-3,1.1004964941401227E-2,6.0048518778891688E-3,1.8832178284857802E-2,1.5239794253049639E-2,6.8918669911179498E-3,1.5239794253049639E-2,1.1005022492333349E-2,1.5239794253049639E-2,1.8832178284857809E-2,6.8500050868408689E-3,1.4417987954409888E-2,2.2635890838148123E-2,3.4153792972939565E-2,1.6254040400567323E-2,2.4470716763427196E-2,3.5988618898218652E-2]
[350,6.4168098201181467E-2,0.13506704186261018,0.21207785067457163,0.32000817170117957,0.15228084593646479,0.22928015557249765,0.33721047659910558,2.4702373336673932E-4,5.4196639605599178E-4,8.638394071939715E-4,1.3837354151836022E-3,6.2483721809865193E-4,9.4671022923663176E-4,1.4666062372262624E-3,4.8664690286630546E-3,2.1588766261565742E-3,4.8664690286630546E-3,5.5893475633645977E-3,4.8664690286630546E-3,8.9236383619331044E-3,4.8664690286630546E-3,1.5270675675773763E-2,1.2350677126399574E-2,5.5893475633645943E-3,1.2350677126399574E-2,8.9236850296164228E-3,1.2350677126399574E-2,1.5270675675773759E-2,5.2911637025750422E-3,1.1137338480517225E-2,1.7487484545533286E-2,2.6387187248780069E-2,1.255675183157616E-2,1.8905949699217071E-2,2.7805652402463844E-2]
[400,5.1275282447009227E-2,0.10793248411094584,0.16949684653439184,0.25576887145304211,0.12170074521543328,0.18325591015667295,0.26952793507532324,1.9740807002634599E-4,4.3311942665878294E-4,6.9046311098027791E-4,1.1060319792071296E-3,4.9940269042381342E-4,7.5674637474530823E-4,1.1723152429721599E-3,4.0543357053420583E-3,1.7998512193229937E-3,4.0543357053420583E-3,4.6594701480928806E-3,4.0543357053420583E-3,7.4379882010460856E-3,4.0543357053420583E-3,1.2728513093789712E-2,1.0289553054541847E-2,4.6594701480928841E-3,1.0289553054541847E-2,7.438027100540149E-3,1.0289553054541847E-2,1.2728513093789716E-2,4.2280497775123872E-3,8.8998810665403064E-3,1.3976346303297386E-2,2.1090152378179731E-2,1.0035182336888666E-2,1.5110889168996564E-2,2.2224695243878913E-2]
[450,4.205542005389868E-2,8.8527254599894356E-2,0.13904575604273162,0.20982605866342291,9.9831428200640976E-2,0.15034237822251367,0.22112268084320491,1.6192660410600804E-4,3.5527614756555056E-4,5.6647416286035646E-4,9.0742002892262388E-4,4.0969678316635076E-4,6.2089479846115655E-4,9.6184066452342397E-4,3.4501409065582928E-3,1.532547936184122E-3,3.4501409065582928E-3,3.9672192882945698E-3,3.4501409065582928E-3,6.3321534185272355E-3,3.4501409065582928E-3,1.083626956871891E-2,8.7561589576563084E-3,3.9672192882945732E-3,8.7561589576563084E-3,6.3321865358157824E-3,8.7561589576563084E-3,1.0836269568718908E-2,3.4677997061417984E-3,7.2997674757167095E-3,1.1465414715327495E-2,1.7301806607599331E-2,8.2318853773000258E-3,1.2396909942939937E-2,1.8233301835211775E-2]
[500,3.5214495890385777E-2,7.4128425909786702E-2,0.11645079242822844,0.17573393743819285,8.3604005287582162E-2,0.12592004192369091,0.18520318693365531,1.3559958194039003E-4,2.975143136417028E-4,4.7447109848789971E-4,7.6003561954730273E-4,3.4313171749963766E-4,5.2008850234583457E-4,8.0565302340523763E-4,2.9857155734005938E-3,1.3269385680547562E-3,2.9857155734005938E-3,3.4347839302061836E-3,2.9857155734005938E-3,5.48173282554997E-3,2.9857155734005938E-3,9.3810665241496147E-3,7.5774876653153982E-3,3.4347839302061823E-3,7.5774876653153982E-3,5.4817614960715371E-3,7.5774876653153982E-3,9.381066524149613E-3,2.903711777081412E-3,6.1124709551648362E-3,9.6022824940290644E-3,1.4490643437309146E-2,6.8938069004420288E-3,1.0383096490790082E-2,1.5271457434070167E-2]
[600,2.5892392512073148E-2,5.450619970663606E-2,8.5657698231412616E-2,0.12926860279711669,6.148880886549038E-2,9.2635642863424766E-2,0.13624654742912884,9.9722070600719679E-5,2.1879458780242142E-4,3.4907982966758086E-4,5.5915179992454633E-4,2.5241031611640649E-4,3.8269555798156591E-4,5.9276752823853138E-4,2.3238406450302443E-3,1.0336587242532934E-3,2.3238406450302443E-3,2.675395765371005E-3,2.3238406450302443E-3,4.2690324316831006E-3,2.3238406450302443E-3,7.3059140406440621E-3,5.8977063926486314E-3,2.6753957653710032E-3,5.8977063926486314E-3,4.2690547608773693E-3,5.8977063926486314E-3,7.3059140406440595E-3,2.1350311334329803E-3,4.4944642826853978E-3,7.0631500143139951E-3,1.0659211635948108E-2,5.070235252471092E-3,7.6385363572242047E-3,1.1234597978858318E-2]
[700,1.9962148038681241E-2,4.2022822757236261E-2,6.6064978399510185E-2,9.9701546863746451E-2,4.7417985775815893E-2,7.1456537337989429E-2,0.10509310580222572,7.6896506000361813E-5,1.6870992997355854E-4,2.6928896113554275E-4,4.313149562469181E-4,1.9468336341602117E-4,2.9526239457800533E-4,4.5728838968938068E-4,1.879378069111973E-3,8.365138119975767E-4,1.879378069111973E-3,2.1649851862602298E-3,1.879378069111973E-3,3.454107418917142E-3,1.879378069111973E-3,5.9113943807970262E-3,4.7696988500952348E-3,2.1649851862602298E-3,4.7696988500952348E-3,3.4541254865420971E-3,4.7696988500952348E-3,5.9113943807970262E-3,1.6460358977220708E-3,3.4651118029977558E-3,5.4475763739006422E-3,8.2211756409250516E-3,3.9099853699824487E-3,5.8921527561729484E-3,8.6657520231973595E-3]
[800,1.5935772812760225E-2,3.3546814666586426E-2,5.2759388380969413E-2,7.9621104653489483E-2,3.7862873636392513E-2,5.7072564134421987E-2,8.3934280406942063E-2,6.1397269235388753E-5,1.3470005236898631E-4,2.1509578459476004E-4,3.4448758965008303E-4,1.5547845517163518E-4,2.3587418739740885E-4,3.6526599245273185E-4,1.5632883695368294E-3,6.9619236883144194E-4,1.5632883695368294E-3,1.801722743329918E-3,1.5632883695368294E-3,2.8742213487910851E-3,1.5632883695368294E-3,4.9190559221079346E-3,3.967490555037873E-3,1.801722743329918E-3,3.967490555037873E-3,2.8742363837889265E-3,3.967490555037873E-3,4.9190559221079328E-3,1.3140296353337554E-3,2.766198361440389E-3,4.3504259686210373E-3,6.5653854596194883E-3,3.1220913238219818E-3,4.706081187168169E-3,6.9210406781666182E-3]
[900,1.3065782236347285E-2,2.750494382615672E-2,4.3272891747355671E-2,6.5303683661640133E-2,3.1050804061705239E-2,4.6816383275180312E-2,6.8847175189464788E-2,5.0348164905112358E-5,1.1045471843304657E-4,1.7645266465266855E-4,2.8257410170707197E-4,1.2752522483056052E-4,1.9352317105018251E-4,2.996446081045859E-4,1.328649119137275E-3,5.9195687671122622E-4,1.328649119137275E-3,1.5318982281174796E-3,1.328649119137275E-3,2.4435555235773165E-3,1.328649119137275E-3,4.1820573558374987E-3,3.3719964491889225E-3,1.5318982281174801E-3,3.3719964491889225E-3,2.4435683062110003E-3,3.3719964491889225E-3,4.1820573558374978E-3,1.0773763700766439E-3,2.2679986550021573E-3,3.5681898098524553E-3,5.3848016432026819E-3,2.5603826822475375E-3,3.8603785185410779E-3,5.6769903518913058E-3]
[1000,1.0941197656703781E-2,2.303219793907706E-2,3.6248546984012267E-2,5.4701937476800397E-2,2.6007128111335306E-2,3.9221489841596832E-2,5.7674880334384941E-2,4.2167825864673386E-5,9.2504358210487714E-5,1.47835392062255E-4,2.3672463059893264E-4,1.0682628890267019E-4,1.6215732275443747E-4,2.5104656129111509E-4,1.1485826695348345E-3,5.1191786725587993E-4,1.1485826695348345E-3,1.3247208897245505E-3,1.1485826695348345E-3,2.1129214407066476E-3,1.1485826695348345E-3,3.6162321483457988E-3,2.9150033876410063E-3,1.3247208897245507E-3,2.9150033876410063E-3,2.1129324940571438E-3,2.9150033876410063E-3,3.6162321483457997E-3,9.0218768401623324E-4,1.8991856255999248E-3,2.9889774116659165E-3,4.5106043992503182E-3,2.144491984778547E-3,3.2341199011404055E-3,4.7557468887248064E-3]

{"sheet":"San Diego","index":6,"n_rows":32,"n_cols":36,"rows_kept":32,"cut":false,"hidden":true,"merged":[[0,29,1,35],[0,0,2,0],[0,1,1,7],[0,8,1,14],[0,15,0,28],[1,15,1,16],[1,17,1,18],[1,19,1,20],[1,21,1,22],[1,23,1,24],[1,25,1,26],[1,27,1,28]]}
["Receptor Distance ","Max Cancer Risk ",null,null,null,null,null,null,"Chronic ",null,null,null,null,null,null,"Acute ",null,null,null,null,null,null,null,null,null,null,null,null,null,"worker Cancer Risk"]
[null,null,null,null,null,null,null,null,null,null,null,null,null,null,null,"Scenario 1 ",null,"Scenario 2",null,"Scenario 3",null,"Scenario 4",null,"Scenario 5",null,"Scenario 6",null,"Scenario 7"]
[null,"Scenario 1","Scenario 2","Scenario 3","Scenario 4","Scenario 5","Scenario 6","Scenario 7","Scenario 1","Scenario 2","Scenario 3","Scenario 4","Scenario 5","Scenario 6","Scenario 7","Loading ","Dispensing","Loading ","Dispensing","Loading ","Dispensing","Loading ","Dispensing","Loading ","Dispensing","Loading ","Dispensing","Loading ","Dispensing","Scenario 1","Scenario 2","Scenario 3","Scenario 4","Scenario 5","Scenario 6","Scenario 7"]
[10,6.4047390416599885,13.657591055966003,20.505634556010261,31.602340938290283,15.027779699923894,21.874907885711945,32.971614267991967,2.4313701695658881E-2,5.4345970041223102E-2,8.2165509144015492E-2,0.1356178967131971,6.0942342277780219E-2,8.8761881380572602E-2,0.14221426894975422,0.33150564779541669,0.15112505580983615,0.33150564779541669,0.39404886985347776,0.33150564779541669,0.62145101473920139,0.33150564779541669,1.0780549888065014,0.84133263715107665,0.39404886985347753,0.84133263715107665,0.62145437199844078,0.84133263715107665,1.0780549888065014,0.52812103976415836,1.1261756555940801,1.6908506298700354,2.605861229747402,1.2391584713830168,1.8037579708092473,2.7187685706866138]
[20,3.4211970858958196,7.2319461494042816,11.18958398460763,16.999289684484847,8.0880838845329084,12.045149802082658,17.854855501959872,1.3109522506613019E-2,2.8937101321762939E-2,4.5336224975810059E-2,7.3321343265378952E-2,3.3058725896287527E-2,4.9457849550334644E-2,7.7442967839903537E-2,0.21343905607136748,8.5009645325837324E-2,0.21343905607136748,0.22267764672616319,0.21343905607136748,0.36387071790969916,0.21343905607136748,0.62073300323393366,0.54168984784953278,0.2226776467261633,0.54168984784953278,0.36387260653382358,0.54168984784953278,0.62073300323393366,0.28210457139454648,0.59633076306445276,0.92266908769287481,1.4017249547602837,0.66692604382709786,0.99321720935287561,1.4722730764202845]
[30,2.1250190329434475,4.47715481167128,7.0121669066995,10.596484206338719,5.0410799602354448,7.5757153416409189,11.160032641280136,8.1749616985403676E-3,1.7958544171587532E-2,2.8539705973216187E-2,4.5805217997322949E-2,2.0673396764979285E-2,3.1254558566607936E-2,4.8520070590714698E-2,0.1211580673070634,4.3414637536191195E-2,0.1211580673070634,0.11470694158892007,0.1211580673070634,0.19254859445703165,0.1211580673070634,0.32579937719072138,0.30748868671608975,0.11470694158892014,0.30748868671608975,0.19254957420632635,0.30748868671608975,0.32579937719072161,0.1752245101473876,0.36917657986454244,0.57820823825573753,0.87376335249494408,0.41567663769229662,0.62467723308641343,0.92023234732561998]
[40,1.4571217941547983,3.0669204380536725,4.8253255058077382,7.2801967061820605,3.4622240295882114,5.2203650263952186,7.67523622676954,5.6145664421253213E-3,1.2315161378110756E-2,1.9674773529561224E-2,3.1499789197666987E-2,1.4218234832783097E-2,2.1577846984233567E-2,3.3402862652339327E-2,0.10338761898986588,3.6558105861269105E-2,0.10338761898986588,9.5956448186722346E-2,0.10338761898986588,0.1625040108810073,0.10338761898986588,0.27201410509509072,0.26238882719486867,9.5956448186722387E-2,0.26238882719486867,0.16250481607280698,0.26238882719486867,0.27201410509509072,0.12015113683579505,0.25289167912750066,0.39788598828957283,0.60030940045294412,0.28548756514655355,0.43046009958490561,0.63288351174827695]
[50,1.068276746377208,2.2479465779761663,3.5422259044705968,5.3422391884041316,2.5400019959205173,3.8340862233759783,5.6340995073095117,4.118718624141534E-3,9.0304279402909082E-3,1.4452642358245857E-2,2.3123233826371336E-2,1.043644327909809E-2,1.5858657697053042E-2,2.4529249165178516E-2,7.6037330921716023E-2,2.6586705485948506E-2,7.6037330921716023E-2,6.974880535115352E-2,7.6037330921716023E-2,0.11859543248841209,7.6037330921716023E-2,0.1979725871578509,0.19297616366939291,6.9748805351153464E-2,0.19297616366939291,0.11859601612259196,0.19297616366939291,0.19797258715785093,8.808780847788901E-2,0.18536085176506395,0.29208434810229078,0.44050958149851227,0.20944311491275194,0.31615052380181774,0.46457575719803912]
[60,0.82112525471481335,1.7277149322836869,2.7233747694909085,4.1066908079133855,1.95254484822977,2.9480544944189937,4.3313705328414702,3.1661753196871173E-3,6.9410341623260515E-3,1.1113004585847222E-2,1.7776382210625878E-2,8.0234119955054934E-3,1.2195382419026665E-2,1.8858760043805319E-2,5.8285145617661176E-2,2.0566805230397757E-2,5.8285145617661176E-2,5.4791661960739362E-2,5.8285145617661176E-2,9.1905672298635666E-2,5.8285145617661176E-2,0.15667349460238164,0.14792265409458091,5.4791661960739368E-2,0.14792265409458091,9.1906148515186997E-2,0.14792265409458091,0.15667349460238164,6.7708226748330075E-2,0.14246366643803729,0.22456364038810878,0.33862891295927167,0.16100265892581858,0.24309024844678645,0.35715552101794934]
[70,0.65309394466741988,1.374028474165488,2.1658224018884762,3.2654459176197737,1.5527659053818343,2.3444404328166719,3.4440639485479703,2.518108896486904E-3,5.5197328116612862E-3,8.8372771531104767E-3,1.413411932574968E-2,6.3802118662120268E-3,9.6977562076612182E-3,1.4994598380300421E-2,4.6169681174405147E-2,1.7166392171147654E-2,4.6169681174405147E-2,4.5092785950075778E-2,4.6169681174405147E-2,7.5110780405493974E-2,4.6169681174405147E-2,0.12702262538790599,0.11717465411889054,4.5092785950075806E-2,0.11717465411889054,7.5111162096261272E-2,0.11717465411889054,0.12702262538790599,5.3852725439386323E-2,0.11329943994935382,0.17858906840541522,0.26926166422855696,0.12803774503949941,0.19331752800397781,0.28399012382711963]
[80,0.5331505141547348,1.1215952703708083,1.7676855608323669,2.6648572977735934,1.2673551654432187,1.9133480852904969,2.8105198222317234,2.0554321236443975E-3,4.5052143271835307E-3,7.2119243141310629E-3,1.1533564424901019E-2,5.2069326849432341E-3,7.9136426718907655E-3,1.2235282782660721E-2,3.7544501424409273E-2,1.4145626002743092E-2,3.7544501424409273E-2,3.7109170877466825E-2,3.7544501424409273E-2,6.1612540566368425E-2,3.7544501424409273E-2,0.10427244487046691,9.5284694556438634E-2,3.7109170877466832E-2,9.5284694556438634E-2,6.1612854230650868E-2,9.5284694556438634E-2,0.10427244487046693,4.3962447502500751E-2,9.248433956948085E-2,0.14575955870965823,0.21973841522175935,0.10450338778375506,0.15777057795199126,0.23174943446409244]
[90,0.4443138223007787,0.93464434486496706,1.4728171529853906,2.2201034408468807,1.05598192373649,1.5940736758532428,2.3413599637147331,1.712757517062342E-3,3.7538944497894264E-3,6.0081876463514289E-3,9.607835587626427E-3,4.3380387134633646E-3,6.5923319100253674E-3,1.0191979851300366E-2,3.1172645817339195E-2,1.1886172257983718E-2,3.1172645817339195E-2,3.1147624887893494E-2,3.1172645817339195E-2,5.1562038773807467E-2,3.1172645817339195E-2,8.7329205988873129E-2,7.9113476608590888E-2,3.1147624887893494E-2,7.9113476608590888E-2,5.1562301758055124E-2,7.9113476608590888E-2,8.7329205988873143E-2,3.6637164494723512E-2,7.7068767362587789E-2,0.12144534244997657,0.18306496641589237,8.7074003781944798E-2,0.13144389516517965,0.19306351913109548]
[100,0.37655990250643123,0.79205478017541786,1.2479658235595563,1.8809346517503924,0.89478526077685938,1.3506276780824968,1.9835965062733327,1.451427172980739E-3,3.180885517258477E-3,5.0903610451720881E-3,8.1393463889399709E-3,3.6754513517337061E-3,5.5849268796473173E-3,8.6339122234152001E-3,2.4366698615331334E-2,9.432529520069316E-3,2.4366698615331334E-2,2.4534697865331891E-2,2.4366698615331334E-2,4.0633089170537207E-2,2.4366698615331334E-2,6.8351996026056697E-2,6.184057177014899E-2,2.4534697865331891E-2,6.184057177014899E-2,4.0633292978566542E-2,6.184057177014899E-2,6.8351996026056711E-2,3.1050321637092555E-2,6.531113778961993E-2,0.1029045842525985,0.15509783576652827,7.3782072807862795E-2,0.11136986051164804,0.16356311202557783]
[120,0.28143307093172076,0.59194923317367332,0.93244047981488287,1.4053212567043631,0.66861032633072914,1.0090503617815876,1.4819311386710674,1.0846203688684999E-3,2.3769948065486368E-3,3.8027917006147622E-3,6.0806393510379197E-3,2.7460572044565729E-3,4.1718540985226978E-3,6.4497017489458545E-3,1.7945287757136854E-2,7.426238515591807E-3,1.7945287757136854E-2,1.9284233030724098E-2,1.7945287757136854E-2,3.1341479428208127E-2,1.7945287757136854E-2,5.3222455727151133E-2,4.5543586884722806E-2,1.9284233030724088E-2,4.5543586884722806E-2,3.134164031184912E-2,4.5543586884722806E-2,5.3222455727151161E-2,2.3206367203675828E-2,4.881086371791523E-2,7.6887041379034099E-2,0.11587977565765473,5.5132172980355998E-2,8.3204127876594078E-2,0.12219686215521472]
[140,0.21916461348002569,0.46099200766699411,0.72597546403762081,1.0942052507445812,0.52061512513829189,0.78555875203750869,1.1537885387444689,8.4455788214749406E-4,1.8509943357140502E-3,2.9604295667946673E-3,4.7341776137834841E-3,2.1380323858971161E-3,3.2474676169777332E-3,5.02121566396655E-3,1.3822595902406774E-2,6.0512807571526488E-3,1.3822595902406774E-2,1.5692847225652812E-2,1.3822595902406774E-2,2.5119255323979912E-2,1.3822595902406774E-2,4.2985219658249404E-2,3.5080551840318733E-2,1.5692847225652798E-2,3.5080551840318733E-2,2.5119386686555008E-2,3.5080551840318733E-2,4.2985219658249404E-2,1.8071843801551985E-2,3.8012411876340815E-2,5.9862379156582303E-2,9.0225817317430623E-2,4.2928806219358608E-2,6.4775489246843274E-2,9.5138927407691601E-2]
[160,0.17604971700274147,0.37031360102868782,0.58305603310753162,0.87883181208717231,0.41815769793180402,0.63086816916776423,0.92664394814740525,6.7835805235184822E-4,1.486809942534505E-3,2.3774078331093508E-3,3.8021478439690345E-3,1.7171413453574323E-3,2.607739235932278E-3,4.0324792467919621E-3,1.1582426050236655E-2,5.0704787185611305E-3,1.1582426050236655E-2,1.3147695567771765E-2,1.1582426050236655E-2,2.1047145199872073E-2,1.1582426050236655E-2,3.6010933223171504E-2,2.9395194676944684E-2,1.3147695567771778E-2,2.9395194676944684E-2,2.1047255223696774E-2,2.9395194676944684E-2,3.6010933223171518E-2,1.4516681942684765E-2,3.0535265018915136E-2,4.807754952116005E-2,7.2466585657641913E-2,3.4480386598217158E-2,5.2020035677931079E-2,7.6409071814412977E-2]
[180,0.14487213177779118,0.30474466502506509,0.47974054191569843,0.72315065589575578,0.34408572839706369,0.51905532464647486,0.76246543862653204,5.5819307110484501E-4,1.2235059996491518E-3,1.9560175899690931E-3,3.128514302281614E-3,1.4129020359745419E-3,2.1454136262944829E-3,3.3179103386070039E-3,9.8954874831691433E-3,4.3334942826488611E-3,9.8954874831691433E-3,1.1235401985734384E-2,9.8954874831691433E-3,1.7985539397352535E-2,9.8954874831691433E-3,3.076976804551329E-2,2.5113890624415689E-2,1.1235401985734386E-2,2.5113890624415689E-2,1.7985633395592112E-2,2.5113890624415689E-2,3.0769768045513294E-2,1.1945845157729845E-2,2.5128591236701567E-2,3.9558375784795909E-2,5.9629451537937361E-2,2.8372570914609339E-2,4.2800188417414634E-2,6.2871264170556065E-2]
[200,0.12154840212995045,0.25569249948694811,0.40246958034918345,0.60671249345641254,0.28868121468107488,0.43543625840160427,0.63967917150883336,4.6830865072403934E-4,1.0265454644254788E-3,1.6408939380290113E-3,2.6247238217411493E-3,1.1853599794820755E-3,1.799708453085608E-3,2.7835383367977458E-3,8.5876545521059253E-3,3.7627340793840759E-3,8.5876545521059253E-3,9.7545679457406286E-3,8.5876545521059253E-3,1.5613842391598744E-2,8.5876545521059253E-3,2.6710891100603866E-2,2.1794723858594902E-2,9.7545679457406269E-3,2.1794723858594902E-2,1.5613923984557698E-2,2.1794723858594902E-2,2.6710891100603869E-2,1.0022620452917637E-2,2.1083854909714577E-2,3.3186778081807013E-2,5.0028210485693669E-2,2.3804033586079586E-2,3.590513962274846E-2,5.2746572026635102E-2]
[220,0.10361099759763197,0.21796749131508175,0.34305562464758516,0.517179423901033,0.24607669819390871,0.37114605399683609,0.54526985325028376,3.9918852922394584E-4,8.7507806858698901E-4,1.3986198598990663E-3,2.2373671856439608E-3,1.0104016188621824E-3,1.5339434101742596E-3,2.3726907359191544E-3,7.5492776635341522E-3,3.3097495265411317E-3,7.5492776635341522E-3,8.579426081359507E-3,7.5492776635341522E-3,1.3731395665231794E-2,7.5492776635341522E-3,2.3489960193475962E-2,1.9159413203019102E-2,8.5794260813595001E-3,1.9159413203019102E-2,1.3731467416755627E-2,1.9159413203019102E-2,2.3489960193475948E-2,8.5435405605660646E-3,1.797313167630183E-2,2.8287630769554106E-2,4.2645505666761875E-2,2.0290956566157821E-2,3.0603907304609157E-2,4.4961782201816923E-2]
[240,8.9497608043633506E-2,0.18828400964848091,0.2963163562662765,0.44674268207173934,0.21255806684820702,0.32057419789546149,0.47100052370092427,3.4480840146639734E-4,7.5590484065011111E-4,1.2080473737258448E-3,1.9326449246172914E-3,8.7276518516322303E-4,1.3249077182389565E-3,2.0495052691304034E-3,6.7083141044485374E-3,2.9428869446892708E-3,6.7083141044485374E-3,7.6278032225229981E-3,6.7083141044485374E-3,1.2206891906605809E-2,6.7083141044485374E-3,2.0881838564722678E-2,1.7025120488494683E-2,7.6278032225229921E-3,1.7025120488494683E-2,1.2206955690642902E-2,1.7025120488494683E-2,2.0881838564722689E-2,7.3797807387572315E-3,1.5525495465112418E-2,2.443361097970875E-2,3.6837443060225947E-2,1.7527082140889199E-2,2.6433860554329836E-2,3.8837692634847036E-2]
[260,7.8178537279627952E-2,0.16447673822172071,0.25883696567276793,0.39025750313570301,0.18567791197388389,0.28002397660387057,0.41144451406680571,3.011981862696247E-4,6.603282613133251E-4,1.0552430607772393E-3,1.6882904949453222E-3,7.6239510775661734E-4,1.1573099072205316E-3,1.7903573413886147E-3,6.0157183774876902E-3,2.6406773812415497E-3,6.0157183774876902E-3,6.8439660446142896E-3,6.0157183774876902E-3,1.0951179337208832E-2,6.0157183774876902E-3,1.873376303954756E-2,1.5267372488366664E-2,6.8439660446142844E-3,1.5267372488366664E-2,1.0951236559993836E-2,1.5267372488366664E-2,1.8733763039547557E-2,6.4464344490540136E-3,1.3562398942667775E-2,2.1343140844825522E-2,3.2179796396259376E-2,1.531060224234679E-2,2.3090176308666763E-2,3.3926831860100606E-2]
[280,6.8951358062792747E-2,0.14506862200359841,0.228288381819094,0.34421510223424945,0.16376691778839056,0.24697418675689664,0.36290090717205198,2.6564984586609024E-4,5.8241582818441219E-4,9.3070451510407005E-4,1.4891188567820784E-3,6.7243330112847085E-4,1.0207219880481288E-3,1.5791363297261369E-3,5.4370766807354063E-3,2.3880950999760984E-3,5.4370766807354063E-3,6.1889091426409228E-3,5.4370766807354063E-3,9.9018181406407054E-3,5.4370766807354063E-3,1.6938791631899028E-2,1.3798829952419852E-2,6.1889091426409245E-3,1.3798829952419852E-2,9.9018698811984152E-3,1.3798829952419852E-2,1.6938791631899028E-2,5.6855810480976121E-3,1.1962047320172659E-2,1.8824170163399698E-2,2.8383238803647202E-2,1.3503868672682098E-2,2.0364961547465969E-2,2.992403018771346E-2]
[300,6.1323454662557134E-2,0.12902379677458817,0.20303740289968028,0.30615503621354923,0.14565447259222869,0.21965696908308666,0.32277460239695566,2.3626432276073502E-4,5.1800723645616033E-4,8.2776881494938499E-4,1.3244823001247188E-3,5.9807075816349479E-4,9.0783233665671945E-4,1.4045458218320532E-3,4.9476100329013863E-3,2.1743391589228844E-3,4.9476100329013863E-3,5.6345959288493924E-3,4.9476100329013863E-3,9.0139045009478818E-3,4.9476100329013863E-3,1.5420043646736636E-2,1.2556605971144479E-2,5.6345959288493924E-3,1.2556605971144479E-2,9.0139516031875859E-3,1.2556605971144479E-2,1.5420043646736634E-2,5.0566004996709449E-3,1.0639025456571034E-2,1.6742028618640166E-2,2.5244887418898965E-2,1.2010355302746401E-2,1.8112442388212725E-2,2.6615301188471524E-2]
[350,4.7146294829887254E-2,9.9201366434293101E-2,0.15611279371871015,0.23542076124861649,0.11199264789588077,0.16889553034063026,0.24820349787053664,1.816520806430617E-4,3.9829604721703212E-4,6.3649415876534726E-4,1.0185174431249363E-3,4.5987592840731722E-4,6.9807403995563247E-4,1.0800973243152215E-3,4.0051953070141455E-3,1.7624121986316724E-3,4.0051953070141455E-3,4.5665313599669499E-3,4.0051953070141455E-3,7.3033161806830985E-3,4.0051953070141455E-3,1.2494235008884459E-2,1.0164838977448989E-2,4.5665313599669508E-3,1.0164838977448989E-2,7.3033543478064379E-3,1.0164838977448989E-2,1.2494235008884455E-2,3.8875823175044278E-3,8.1799318358684557E-3,1.2872726024110454E-2,1.9412290868366884E-2,9.2346734610102722E-3,1.3926763060106567E-2,2.046632790436299E-2]
[400,3.7510483823551335E-2,7.893032684137273E-2,0.12422408302224454,0.18734573385780934,8.9114588657500757E-2,0.13440154154156356,0.1975231923771284,1.4453603639070256E-4,3.1692822014362621E-4,5.0651834133399055E-4,8.1057279030607554E-4,3.6595736820289182E-4,5.5554748939325616E-4,8.5960193836534104E-4,3.3336252281177467E-3,1.4684738571212504E-3,3.3336252281177467E-3,3.8045295129769388E-3,3.3336252281177467E-3,6.0832277672392167E-3,3.3336252281177467E-3,1.0407402966432642E-2,8.4604522520127026E-3,3.8045295129769414E-3,8.4604522520127026E-3,6.0832595614809786E-3,8.4604522520127026E-3,1.0407402966432645E-2,3.093034015920839E-3,6.5084254033224006E-3,1.0243251358521121E-2,1.5448127256520026E-2,7.3481977819593808E-3,1.1082462751899962E-2,1.6287338649898866E-2]
[450,3.0642659436177052E-2,6.4481386968787094E-2,0.101497274990089,0.15307950355678268,7.2808466032294988E-2,0.10981879139314651,0.16140101995984024,1.1808269071416539E-4,2.589307642417783E-4,4.1388868819196219E-4,6.6235820500569877E-4,2.990190494486054E-4,4.5397697339878928E-4,7.0244649021252608E-4,2.8345383337348221E-3,1.249747006449249E-3,2.8345383337348221E-3,3.2375900391433832E-3,2.8345383337348221E-3,5.1757033388119909E-3,2.8345383337348221E-3,8.8551518923929672E-3,7.1938129177777097E-3,3.2375900391433841E-3,7.1938129177777097E-3,5.1757303925902163E-3,7.1938129177777097E-3,8.8551518923929706E-3,2.5267279521162958E-3,5.3169968221788398E-3,8.3692475294202887E-3,1.262260742539729E-2,6.003629895690971E-3,9.0554219178865802E-3,1.3308781813863581E-2]
[500,2.5562843826666907E-2,5.379353769032675E-2,8.4687477798786312E-2,0.12773230703062821,6.0747180080971797E-2,9.1636475012987412E-2,0.1346813042448293,9.8516386985741903E-5,2.1602971291807108E-4,3.45375717887228E-4,5.5272092606754039E-4,2.4950598920372345E-4,3.7885199417288039E-4,5.8619720235319279E-4,2.4512817972413632E-3,1.0815847477996564E-3,2.4512817972413632E-3,2.8017689431166213E-3,2.4512817972413632E-3,4.4782375982040084E-3,2.4512817972413632E-3,7.662154757411133E-3,6.2211410049527989E-3,2.80176894311662E-3,6.2211410049527989E-3,4.4782610085024434E-3,6.2211410049527989E-3,7.6621547574111338E-3,2.1078572558936156E-3,4.4356997018639814E-3,6.9831477190844572E-3,1.0532531983224444E-2,5.0090821340924435E-3,7.5561471200297509E-3,1.1105531384169741E-2]
[600,1.8669468219963535E-2,3.9288947842016822E-2,6.1875412655927442E-2,9.3330607233493609E-2,4.4378630706195195E-2,6.696169550704506E-2,9.8416890084611242E-2,7.19640145163558E-5,1.5780629377528315E-4,2.5239650580443501E-4,4.0391491078890779E-4,1.823090824140558E-4,2.7689929444320766E-4,4.2841769942768038E-4,1.9057625713965699E-3,8.4186932848557368E-4,1.9057625713965699E-3,2.1805980816139263E-3,1.9057625713965699E-3,3.4844631049832705E-3,1.9057625713965699E-3,5.9622426723612192E-3,4.8366604329057863E-3,2.1805980816139254E-3,4.8366604329057863E-3,3.4844813232836327E-3,4.8366604329057863E-3,5.9622426723612175E-3,1.5394442933643079E-3,3.2396823431213341E-3,5.1021137715573997E-3,7.695841628107606E-3,3.6593666719933857E-3,5.5215177426473196E-3,8.115245599197525E-3]
[700,1.4308680939903323E-2,3.0112535986113374E-2,4.7442222499939089E-2,7.1562034477922434E-2,3.4022251190778667E-2,5.1349325934261433E-2,7.5469137912244813E-2,5.5165572074936581E-5,1.20968116643546E-4,1.9356377076401146E-4,3.0974793330090051E-4,1.3979029630663473E-4,2.1238595042710021E-4,3.2857011296398927E-4,1.5399681516747464E-3,6.8085237874866721E-4,1.5399681516747464E-3,1.7634251652126041E-3,1.5399681516747464E-3,2.8173019275173532E-3,1.5399681516747464E-3,4.820941623655612E-3,3.908305860830334E-3,1.763425165212603E-3,3.908305860830334E-3,2.8173166596227759E-3,3.908305860830334E-3,4.8209416236556129E-3,1.1798631304854505E-3,2.4830151098240625E-3,3.911983878252835E-3,5.9008518239837002E-3,2.8054018371581413E-3,4.2341552446080889E-3,6.2230231903389541E-3]
[800,1.1363123301425767E-2,2.3913837990913695E-2,3.7691044495085861E-2,5.6853754243289249E-2,2.7025658994872515E-2,4.0800786738473843E-2,5.9963496486677231E-2,4.3817642376501876E-5,9.6081459588900388E-5,1.5381139760840191E-4,2.4611739842071164E-4,1.1106241112879659E-4,1.6879234914829813E-4,2.6109834996060783E-4,1.2801330335962537E-3,5.6631961884584547E-4,1.2801330335962537E-3,1.4667227577071522E-3,1.2801330335962537E-3,2.3429459080974678E-3,1.2801330335962537E-3,4.0094155650705924E-3,3.2488668239052379E-3,1.4667227577071524E-3,3.2488668239052379E-3,2.3429581611021976E-3,3.2488668239052379E-3,4.0094155650705924E-3,9.3697876742249576E-4,1.9718837726821221E-3,3.1079226614957899E-3,4.6880385930103035E-3,2.22847785613829E-3,3.3643453348153468E-3,4.9444612663298599E-3]
[900,9.2735704798057247E-3,1.9516323449083665E-2,3.0772065368688119E-2,4.6416704403548108E-2,2.2061448560078051E-2,3.3315490283648788E-2,4.8960129318508766E-2,3.5766629910227572E-5,7.842450337799351E-5,1.2560155220077806E-4,2.0096114812616489E-4,9.0677263386449464E-5,1.37854312209234E-4,2.1321390813462083E-4,1.0874417050584925E-3,4.8128867967320733E-4,1.0874417050584925E-3,1.2464671641852947E-3,1.0874417050584925E-3,1.990896869964091E-3,1.0874417050584925E-3,3.4070968513137349E-3,2.7598329124984941E-3,1.2464671641852945E-3,2.7598329124984941E-3,1.9909072828179918E-3,2.7598329124984941E-3,3.4070968513137344E-3,7.6467872496673148E-4,1.6092741585974619E-3,2.5373984876658102E-3,3.8274218563125002E-3,1.8191397145873667E-3,2.747123849138609E-3,4.0371472177852998E-3]
[1000,7.7339635508794037E-3,1.6276089889886554E-2,2.5672810800171343E-2,3.8724334388043305E-2,1.8403103814487183E-2,2.7798403835628781E-2,4.0849927423500743E-2,2.983384277291666E-5,6.54129657121924E-5,1.0480830095630497E-4,1.6767696424735854E-4,7.5652851775236755E-5,1.1504818701934929E-4,1.7791685031040287E-4,9.3968801775991663E-4,4.1602867754762611E-4,9.3968801775991663E-4,1.0774369080326649E-3,9.3968801775991663E-4,1.7207794605177259E-3,9.3968801775991663E-4,2.9449311395387278E-3,2.3848468445072111E-3,1.0774369080326653E-3,2.3848468445072111E-3,1.7207884613034572E-3,2.3848468445072111E-3,2.9449311395387265E-3,6.3772604089266938E-4,1.3420914513503643E-3,2.1169248965904682E-3,3.1931255291063089E-3,1.5174804559836875E-3,2.2921967377536154E-3,3.3683973702694561E-3]

{"sheet":"San Jose","index":7,"n_rows":32,"n_cols":36,"rows_kept":32,"cut":false,"hidden":true,"merged":[[0,29,1,35],[0,0,2,0],[0,1,1,7],[0,8,1,14],[0,15,0,28],[1,15,1,16],[1,17,1,18],[1,19,1,20],[1,21,1,22],[1,23,1,24],[1,25,1,26],[1,27,1,28]]}
["Receptor Distance ","Max Cancer Risk ",null,null,null,null,null,null,"Chronic ",null,null,null,null,null,null,"Acute ",null,null,null,null,null,null,null,null,null,null,null,null,null,"worker Cancer Risk"]
[null,null,null,null,null,null,null,null,null,null,null,null,null,null,null,"Scenario 1 ",null,"Scenario 2",null,"Scenario 3",null,"Scenario 4",null,"Scenario 5",null,"Scenario 6",null,"Scenario 7"]
[null,"Scenario 1","Scenario 2","Scenario 3","Scenario 4","Scenario 5","Scenario 6","Scenario 7","Scenario 1","Scenario 2","Scenario 3","Scenario 4","Scenario 5","Scenario 6","Scenario 7","Loading ","Dispensing","Loading ","Dispensing","Loading ","Dispensing","Loading ","Dispensing","Loading ","Dispensing","Loading ","Dispensing","Loading ","Dispensing","Scenario 1","Scenario 2","Scenario 3","Scenario 4","Scenario 5","Scenario 6","Scenario 7"]
[10,7.6439036145844863,16.523902194444396,23.675619331058293,37.351962369385355,17.737439512029574,24.888345980702155,38.564689019029203,2.8607177446099943E-2,6.5221598016480795E-2,9.3182674148967984E-2,0.15906106755956601,7.1063818286692643E-2,9.9024894419179846E-2,0.16490328782977787,0.4296042705223162,0.21938334132144588,0.4296042705223162,0.57007978207020993,0.4296042705223162,0.87476584930189993,0.4296042705223162,1.5375934427967526,1.0902984496751671,0.57007978207020993,1.0902984496751671,0.8747707228557644,1.0902984496751671,1.5375934427967528,0.63029989177280787,1.3625255222934824,1.9522407730976372,3.0799626769241186,1.4625912058111021,2.0522396106761351,3.1799615145026161]
[20,4.5521579499969285,9.7255108051105648,14.517702276115996,22.444547160349568,10.668806961150832,15.460368290881009,23.387213175114582,1.7252046504622195E-2,3.8664487527308222E-2,5.8053090096268856E-2,9.6236382539641493E-2,4.320571081214105E-2,6.2594313381101677E-2,0.10077760582447431,0.3136816448292199,0.1308244511147183,0.30140380347652079,0.37178400993292587,0.30140380347652079,0.5809327640800801,0.30140380347652079,1.0117282430244523,0.79609686056668061,0.3421552924538277,0.79609686056668061,0.55215055298091886,0.76493676205106276,1.0117282430244523,0.37536117772879052,0.80194475453621783,1.1970985814063235,1.8507292032131437,0.87972693168553096,1.2748287984580715,1.9284594202648917]
[30,2.9932329621180767,6.3565278983213434,9.6899681192105191,14.831498284221571,7.0524476542286223,10.385422986376701,15.526953151387753,1.1418324413660008E-2,2.5368512636266896E-2,3.9054064203143855E-2,6.3820607861329828E-2,2.8718814638098014E-2,4.2404366204974973E-2,6.7170909863160946E-2,0.23094614810569655,8.9710117518406768E-2,0.23094614810569655,0.23626135448998645,0.23094614810569655,0.38756676427390702,0.23094614810569655,0.66278216529685763,0.58612133192240345,0.23626135448998642,0.58612133192240345,0.38756878784247062,0.58612133192240345,0.66278216529685774,0.24681556796113263,0.52414565232329491,0.7990139809150838,1.2229735269734436,0.58152970227311374,0.85635969713674842,1.280319243195108]
[40,2.1101459921260131,4.467118348451395,6.8853577991073713,10.484838623035895,4.9861097250406967,7.4040024787597725,11.003483302688297,8.0776512387019054E-3,1.7865395132950167E-2,2.7864082973121925E-2,4.5202637082808327E-2,2.0363927231170833E-2,3.0362615071342594E-2,4.7701169181028992E-2,0.1757064951634506,7.119718425826152E-2,0.1757064951634506,0.18625113146679606,0.1757064951634506,0.30306195282950432,0.1757064951634506,0.51767587722036912,0.44592787460341615,0.18625113146679623,0.44592787460341615,0.30306353081528964,0.44592787460341615,0.51767587722036934,0.17399811111225649,0.3683489946410442,0.56775183131745233,0.86455729723563701,0.41114391003886747,0.61051815882971017,0.90732362474789485]
[50,1.5672943354876017,3.3120291689945875,5.1366786081409783,7.7995951238188717,3.7093644688482055,5.5337484798245038,8.1966649955023971,6.0113232459215607E-3,1.3261483191146159E-2,2.0834485368675205E-2,3.3661646938678215E-2,1.5174337710935225E-2,2.2747339888464276E-2,3.5574501458467279E-2,0.13745100010399261,5.341414133348843E-2,0.13745100010399261,0.13984573538764358,0.13745100010399261,0.23030015413704039,0.13745100010399261,0.39092707225649903,0.34883873974874652,0.13984573538764361,0.34883873974874652,0.23030133517407819,0.34883873974874652,0.39092707225649898,0.12923572821472185,0.27310281919078716,0.42355949708805313,0.6431378795822229,0.30586623551872383,0.45630102677857021,0.67587940927273993]
[60,1.2111314037999923,2.5565767874758527,3.9799757600176973,6.0326291801332808,2.8691800666536809,4.2923702137617221,6.3450236338773047,4.6507430738543581E-3,1.0243911964313299E-2,1.6164785396401104E-2,2.6052334221918511E-2,1.1748848967636408E-2,1.7669722399724211E-2,2.7557271225241615E-2,0.10790733513880726,4.1427907624547428E-2,0.10790733513880726,0.10845572285441318,0.10790733513880726,0.17927992124687844,0.10790733513880726,0.30363636255946747,0.27385947552937268,0.10845572285441318,0.27385947552937268,0.17928083559899816,0.27385947552937268,0.30363636255946752,9.9867297028872912E-2,0.2108098366625594,0.32818026198174627,0.49743765895852177,0.23658643236134236,0.35393963838330067,0.52319703536007633]
[70,0.96522895822219046,2.0359923724497966,3.1773234793617018,4.8103232842562385,2.2879913833828578,3.4291541497613109,5.0621539546558472,3.7092726587455698E-3,8.1616500805922945E-3,1.2915958273983846E-2,2.0782052542370342E-2,9.3748255704701588E-3,1.4129133763861712E-2,2.199522803224821E-2,8.6623665920469897E-2,3.3053709205488849E-2,8.6623665920469897E-2,8.6505906074205982E-2,8.6623665920469897E-2,0.14329635773412841,8.6623665920469897E-2,0.24233237440626859,0.21984336548479885,8.6505906074205913E-2,0.21984336548479885,0.14329708591347171,0.21984336548479885,0.24233237440626856,7.9590708959573653E-2,0.16788356273316604,0.26199527703983816,0.39664893728827311,0.18866286050124725,0.28276069380871183,0.41741435405714672]
[80,0.78833844377564288,1.6620042830376243,2.5980613517138744,3.9300878104416475,1.8694244463327394,2.8053429540646078,4.1373694127923812,3.0310558666260257E-3,6.6644660902100564E-3,1.0567439184275176E-2,1.6983756970065964E-2,7.6630297642672563E-3,1.1566002858332376E-2,1.7982320644123164E-2,7.0968912975231224E-2,2.6994811822104309E-2,7.0968912975231224E-2,7.0620797957189646E-2,7.0968912975231224E-2,0.11712898289598891,7.0968912975231224E-2,0.19786737226839923,0.18011295767137167,7.0620797957189646E-2,0.18011295767137167,0.11712957653888104,0.18011295767137167,0.19786737226839921,6.5004696663635522E-2,0.13704530728590331,0.2142305648229168,0.32406660869619774,0.15414872892337195,0.23132256102219959,0.3411586048954805]
[90,0.65679223104174689,1.3841620595222019,2.1663480241087463,3.2751122887335069,1.5579303924223342,2.3400002761808261,3.4487645408055858,2.5262114378952353E-3,5.5515649284946398E-3,8.8151940157697103E-3,1.4156066807557868E-2,6.3881217134233561E-3,9.6517508006984266E-3,1.4992623592486582E-2,5.9188086286524576E-2,2.2476656188201223E-2,5.9188086286524576E-2,5.8776053391805187E-2,5.9188086286524576E-2,9.7561660218266455E-2,5.9188086286524576E-2,0.16467468166412239,0.15021423934864156,5.8776053391805166E-2,0.15021423934864156,9.7562153678297764E-2,0.15021423934864156,0.16467468166412233,5.415767819899929E-2,0.11413503365587579,0.17863241008595623,0.27005873245102863,0.12846359756025574,0.19295140221431076,0.28437772457938321]
[100,0.55629137355547065,1.1720429221182838,1.8359886535492467,2.7744774207820844,1.3198195640741788,1.9836665776623748,2.9221553448952124,2.1402383466781355E-3,4.7015632261230532E-3,7.4732302947032167E-3,1.1993892875769539E-2,5.4129906215463269E-3,8.1846576901264904E-3,1.2705320271192812E-2,4.4780452023290077E-2,1.8613144174158408E-2,4.4780452023290077E-2,4.8300638140602342E-2,4.4780452023290077E-2,7.8436010077138268E-2,4.4780452023290077E-2,0.13317650366934042,0.11364891079268301,4.8300638140602384E-2,0.11364891079268301,7.8436412566030858E-2,0.11364891079268301,0.13317650366934042,4.5870593119091765E-2,9.6644144695222825E-2,0.15139168518820983,0.22877745537089789,0.1088294895305021,0.16356888996197738,0.24095466014466546]
[120,0.41509811116441647,0.87424467245926452,1.3711354212601388,2.0708074295973882,0.98511784083583032,1.4819345240749346,2.1816065324121841,1.5976091071634995E-3,3.5077377614314894E-3,5.583427332399314E-3,8.9537192075337096E-3,4.041504183218283E-3,6.1171937541861067E-3,9.4874856293205041E-3,3.3817217836003464E-2,1.4721572632296356E-2,3.3817217836003464E-2,3.8253199906067091E-2,3.3817217836003464E-2,6.1246452813346931E-2,3.3346762563219515E-2,0.10564248996344229,8.5825171463249458E-2,3.8253199906067084E-2,8.5825171463249458E-2,6.1246774370555576E-2,8.5825171463249458E-2,0.10497983438862164,3.4228099637838121E-2,7.208833996580713E-2,0.11306088501393372,0.17075433764852768,8.123070354754057E-2,0.12219714130835407,0.17989059394294804]
[140,0.32260455024013157,0.67928436576942652,1.0661777783151523,1.6096409039672803,0.76575037900659482,1.1525860304732589,1.6960491561253868,1.2419146020458596E-3,2.7258769055583322E-3,4.3427571034435532E-3,6.960597084170129E-3,3.1421422217529724E-3,4.759022419638193E-3,7.3768624003647696E-3,2.7705960960860344E-2,1.1995984639238774E-2,2.7397936148779257E-2,3.1746697008246672E-2,2.7397936148779257E-2,5.0563994657747489E-2,2.7397936148779257E-2,8.6637524566181595E-2,7.0315330538171572E-2,3.1185409752450419E-2,7.0315330538171572E-2,4.9991413134143972E-2,6.9533590229433062E-2,8.6637524566181623E-2,2.6601279052473174E-2,5.6012331370913548E-2,8.7914732074907673E-2,0.1327275353953834,6.314213330633156E-2,9.5039771155674857E-2,0.1398525744761506]
[160,0.25858136577435092,0.54439519465135344,0.85490416193295737,1.2903729534683726,0.61386698179392185,0.92432954048977645,1.3597983320251921,9.9561203344240455E-4,2.1848072459291581E-3,3.4828485239364725E-3,5.5804841481974015E-3,2.5192588340021121E-3,3.8173001120094265E-3,5.9149357362703542E-3,2.3052420213981316E-2,1.0303942870170231E-2,2.3052420213981316E-2,2.6673959767704737E-2,2.3052420213981316E-2,4.250037253780193E-2,2.3052420213981316E-2,7.2807618864285828E-2,5.850504695869569E-2,2.6673959767704737E-2,5.850504695869569E-2,4.2500595377042351E-2,5.850504695869569E-2,7.2807618864285828E-2,2.1322064625601357E-2,4.4889659730362408E-2,7.0493562963608508E-2,0.10640138519876996,5.0618154243777927E-2,7.6218230724614561E-2,0.11212605295977601]
[180,0.21234832847811888,0.44701458853798393,0.70224386295467389,1.0597797669968034,0.50416480344622716,0.75935590034139022,1.1168918043835196,8.1770164814632101E-4,1.7941303193431859E-3,2.8613118766202556E-3,4.5835479216575136E-3,2.0692633038387094E-3,3.1364448611157785E-3,4.8586809061530369E-3,1.9763495713618479E-2,8.8248934133970981E-3,1.9763495713618479E-2,2.284575691963445E-2,1.9763495713618479E-2,3.6410355279721321E-2,1.9763495713618479E-2,6.2366751783675387E-2,5.0158041284183899E-2,2.2845756919634447E-2,5.0158041284183899E-2,3.6410546128590224E-2,5.0158041284183899E-2,6.2366751783675387E-2,1.7509787564893381E-2,3.6859863884046808E-2,5.7905522248334881E-2,8.7387165788773133E-2,4.1572347987421598E-2,6.2614858315195893E-2,9.2096501855634144E-2]
[200,0.17781161473693075,0.37428544718373324,0.58815636893189938,0.88750874839928129,0.4222053283810438,0.63604423866085558,0.93539661812823771,6.8477558202907195E-4,1.5023210747173649E-3,2.3967213596140118E-3,3.8386897109257928E-3,1.7330173188461909E-3,2.6274176037428382E-3,4.0693859550546187E-3,1.7202384011027881E-2,7.6754979506421551E-3,1.7202384011027881E-2,1.9870673061289076E-2,1.7202384011027881E-2,3.167496272206121E-2,1.7202384011027881E-2,5.4250540793405709E-2,4.3658161486935909E-2,1.9870673061289076E-2,4.3658161486935909E-2,3.1675128712881195E-2,4.3658161486935909E-2,5.4250540793405702E-2,1.4661964249627436E-2,3.0862774931113269E-2,4.8498112270272981E-2,7.3182067209241683E-2,3.4814145520716454E-2,5.2446843262877504E-2,7.7130798201846207E-2]
[220,0.15129265030736283,0.31844860238191686,0.50052758587868496,0.75522051527459455,0.35926663472055193,0.54131835093038516,0.79601128032629453,5.8269472884663195E-4,1.2782708255823624E-3,2.0398219483580898E-3,3.2666675279563796E-3,1.4747772967582673E-3,2.2363284195339945E-3,3.4631739991322838E-3,1.5161012025659035E-2,6.7606942077667563E-3,1.5161012025659035E-2,1.7502743503890871E-2,1.5161012025659035E-2,2.7904509608087654E-2,1.5161012025659035E-2,4.7789498329986885E-2,3.8477336100465852E-2,1.7502743503890882E-2,3.8477336100465852E-2,2.7904655815886754E-2,3.8477336100465852E-2,4.7789498329986878E-2,1.2475267340211708E-2,2.6258588508828937E-2,4.127243083059063E-2,6.2273863335213821E-2,2.9624355878832484E-2,4.4635949798616542E-2,6.5637382303239719E-2]
[240,0.130461362363679,0.27459206376727852,0.43167711189794367,0.65129826115108846,0.30982294550826683,0.46688445868375761,0.68650560793690241,5.0249955853892767E-4,1.1022820394610887E-3,1.7593712951018165E-3,2.8172775227563803E-3,1.2718908091808481E-3,1.9289800648215761E-3,2.9868862924761399E-3,1.3502036028376534E-2,6.0180563154144714E-3,1.3502036028376534E-2,1.5580425719608748E-2,1.3502036028376534E-2,2.4842724543233913E-2,1.3502036028376534E-2,4.2543631439198357E-2,3.4266998629457236E-2,1.558042571960875E-2,3.4266998629457236E-2,2.4842854692195812E-2,3.4266998629457236E-2,4.254363143919835E-2,1.0757564030695835E-2,2.2642272430536889E-2,3.5595168467448354E-2,5.3704657229336872E-2,2.5547335349702528E-2,3.8498290744705455E-2,5.6607779506593986E-2]
[260,0.11378131660570581,0.23947804678715306,0.37653745436161679,0.56808156278458322,0.27023004837337389,0.40726891297692425,0.59881302139989057,4.3828066063889481E-4,9.6136910991810804E-4,1.5347495963049147E-3,2.4574098494740231E-3,1.1094156218903249E-3,1.6827961082771317E-3,2.60545636144624E-3,1.213155219067324E-2,5.4050629386967839E-3,1.213155219067324E-2,1.3993674873822004E-2,1.213155219067324E-2,2.2314863281486602E-2,1.213155219067324E-2,3.821306591317275E-2,3.078882928599129E-2,1.3993674873822012E-2,3.078882928599129E-2,2.2314980175755394E-2,3.078882928599129E-2,3.821306591317275E-2,9.38216324516572E-3,1.9746845928814226E-2,3.1048470611234509E-2,4.6842786826625134E-2,2.2282590000025391E-2,3.3582520753139888E-2,4.9376836968530506E-2]
[280,0.1002054571090521,0.2109005681481638,0.33165282044335076,0.50034832197797008,0.23800376557612504,0.35873791237678471,0.52743341391140408,3.8600962300417346E-4,8.4668286676237126E-4,1.3518901924193241E-3,2.1644896267528474E-3,9.7716327894802686E-4,1.4823706046049798E-3,2.2949700389385034E-3,1.098341250529284E-2,4.8918460607135679E-3,1.098341250529284E-2,1.2665188026480402E-2,1.098341250529284E-2,2.0198082923280552E-2,1.098341250529284E-2,3.4587073545341469E-2,2.7874950153787086E-2,1.2665188026480412E-2,2.7874950153787086E-2,2.0198188720808512E-2,2.7874950153787086E-2,3.4587073545341462E-2,8.2627269985943649E-3,1.7390408354310112E-2,2.7347380000022896E-2,4.1257649113955214E-2,1.9625279863279246E-2,2.958075856875934E-2,4.3491027682691634E-2]
[300,8.8999106264883304E-2,0.18731208712250938,0.29459784076716816,0.4444346793290096,0.21140101757002391,0.31867067931262771,0.46850751787446931,3.4285958915934592E-4,7.5201520452838455E-4,1.2009195821442837E-3,1.9226775967330072E-3,8.6798431047086812E-4,1.316888688086767E-3,2.038646702675491E-3,1.0009815694331412E-2,4.4568687026853345E-3,1.0009815694331412E-2,1.1539221416671843E-2,1.0009815694331412E-2,1.840375047453683E-2,1.0009815694331412E-2,3.1513654091510343E-2,2.5404045727466233E-2,1.1539221416671845E-2,2.5404045727466233E-2,1.8403846867357618E-2,2.5404045727466233E-2,3.151365409151035E-2,7.3386753516360113E-3,1.5445352818917535E-2,2.4291905878792614E-2,3.6647130105968082E-2,1.7431674339903443E-2,2.6276900496060854E-2,3.8632124723236329E-2]
[350,6.8218440262139787E-2,0.1435728392597736,0.22587316621185516,0.340742530849938,0.16206646596777338,0.24435443879602725,0.35922380343411009,2.6283780983790895E-4,5.76468152408903E-4,9.2089610225190783E-4,1.4742172037514741E-3,6.6550030597975832E-4,1.0099282558227631E-3,1.5632493573223298E-3,8.1285009676383916E-3,3.6168763796797926E-3,8.1285009676383916E-3,9.3648323266724894E-3,8.1285009676383916E-3,1.493807095703765E-2,8.1285009676383916E-3,2.5578022311923305E-2,2.0629431808078046E-2,9.3648323266724946E-3,2.0629431808078046E-2,1.4938149189109684E-2,2.0629431808078046E-2,2.5578022311923299E-2,5.6251462187587777E-3,1.1838708284375618E-2,1.8625016666363695E-2,2.8096898017830808E-2,1.3363653063938042E-2,2.0148942751381533E-2,2.9620824102848643E-2]
[400,5.4136719033611308E-2,0.1139351296645659,0.17929350613197215,0.27046884749824501,0.12863248121010404,0.19398103954373913,0.28515638091001211,2.0860724565426364E-4,4.575100988460255E-4,7.3108454828373689E-4,1.1702724942894867E-3,5.2826619663841616E-4,8.0184064607612745E-4,1.2410285920818776E-3,6.781859642045065E-3,3.0160111727876191E-3,6.781859642045065E-3,7.8094299348047602E-3,6.781859642045065E-3,1.2458529325323618E-2,6.781859642045065E-3,2.1331748445813592E-2,1.7211772696408095E-2,7.8094299348047576E-3,1.7211772696408095E-2,1.2458594567193088E-2,1.7211772696408095E-2,2.1331748445813595E-2,4.463997699122607E-3,9.3948463399875573E-3,1.4784157834608215E-2,2.230228086350966E-2,1.0606758414706093E-2,1.5995260327081161E-2,2.3513383355982614E-2]
[450,4.4127460551215733E-2,9.2869231143487371E-2,0.14617917431214394,0.22051204940792904,0.10486548671329898,0.15816741613597068,0.23250029123175575,1.7005726167941285E-4,3.7295222466998012E-4,5.9613226559947869E-4,9.5419073014498207E-4,4.3070468637099911E-4,6.5388472730049769E-4,1.0119431918460011E-3,5.7774644170598081E-3,2.5680609646817135E-3,5.7774644170598081E-3,6.6498537274337927E-3,5.7774644170598081E-3,1.0609768148799723E-2,5.7774644170598081E-3,1.8165901229034109E-2,1.4662704561375016E-2,6.6498537274337893E-3,1.4662704561375016E-2,1.0609823706567585E-2,1.4662704561375016E-2,1.8165901229034109E-2,3.6386557199088966E-3,7.6577975456256324E-3,1.2053621080803122E-2,1.8182950477191883E-2,8.6469830414898727E-3,1.3042145780367246E-2,1.9171475176756003E-2]
[500,3.6742017402062122E-2,7.7325733382095099E-2,0.12174163262618544,0.18364604898513773,8.7327169397131588E-2,0.1317363874758164,0.19364080383476873,1.4161068822707762E-4,3.1055770768669417E-4,4.9653293740780659E-4,7.9472401694710541E-4,3.5870669443111854E-4,5.4468192415223096E-4,8.4287300369152978E-4,5.0038778327469446E-3,2.2231692552238565E-3,5.0038778327469446E-3,5.7570485616056238E-3,5.0038778327469446E-3,9.1862034131269688E-3,5.0038778327469446E-3,1.5728272767145349E-2,1.269940877630202E-2,5.7570485616056221E-3,1.269940877630202E-2,9.1862515148169056E-3,1.269940877630202E-2,1.5728272767145342E-2,3.0296679235787623E-3,6.3761140693866401E-3,1.0038553825053795E-2,1.5143059179734079E-2,7.2008110247253222E-3,1.086269986582783E-2,1.5967205220508113E-2]
[600,2.6751705216531488E-2,5.6300059418870937E-2,8.8678166148045565E-2,0.13376753281504386,6.3599979193136161E-2,9.5973209425437175E-2,0.14106257609243547,1.0312723919975816E-4,2.2615032777156816E-4,3.6176289376406347E-4,5.7895655639732908E-4,2.6129365518155458E-4,3.9690622117404998E-4,6.1409988380731553E-4,3.8989865514016783E-3,1.7307636036959502E-3,3.8989865514016783E-3,4.4823587871910542E-3,3.8989865514016783E-3,7.1535317966626103E-3,3.8989865514016783E-3,1.2247788593943543E-2,9.8952903497190707E-3,4.4823587871910559E-3,9.8952903497190707E-3,7.1535692530617472E-3,9.8952903497190707E-3,1.2247788593943539E-2,2.2058882153545363E-3,4.642382105762068E-3,7.3122113181907939E-3,1.1030183752600977E-2,5.2443178280925564E-3,7.913744935051795E-3,1.163171736946198E-2]
[700,2.045558638487676E-2,4.3049184191565747E-2,6.7834935740919991E-2,0.10232412899241346,4.864383652026117E-2,7.3425850726544048E-2,0.10791504397803749,7.8870873933731178E-5,1.7294913949600498E-4,2.7679122303469089E-4,4.4292427739495637E-4,1.998829558408807E-4,3.0372503937956663E-4,4.69858093739832E-4,3.1553669808595283E-3,1.3995106351191197E-3,3.1553669808595283E-3,3.6248202320755822E-3,3.1553669808595283E-3,5.7859225845632387E-3,3.1553669808595283E-3,9.9061545825416455E-3,8.0080482514864743E-3,3.6248202320755801E-3,8.0080482514864743E-3,5.7859528792775401E-3,8.0080482514864743E-3,9.9061545825416507E-3,1.6867237650586211E-3,3.5497433647750836E-3,5.5935232587625231E-3,8.4374281364052624E-3,4.0110663922600272E-3,6.0545381129564141E-3,8.8984429905991508E-3]
[800,1.6216807311821388E-2,3.4128138747060999E-2,5.3798551449642976E-2,8.114914536410868E-2,3.8572935406699531E-2,5.8240378893497674E-2,8.5590972807963364E-2,6.2538420203897248E-5,1.3712800989962485E-4,2.195606113979654E-4,3.5130732035819069E-4,1.5852618263450456E-4,2.4095878413284513E-4,3.7270549309307042E-4,2.6256802866184187E-3,1.1636487675605331E-3,2.6256802866184187E-3,3.0142074873262116E-3,2.6256802866184187E-3,4.8120280786243998E-3,2.6256802866184187E-3,8.2386777276499505E-3,6.6637492740985235E-3,3.0142074873262103E-3,6.6637492740985235E-3,4.8120532736552115E-3,6.6637492740985235E-3,8.2386777276499523E-3,1.3372031371561358E-3,2.8141330978634048E-3,4.4361131256999862E-3,6.6913844181477056E-3,3.1806414939369735E-3,4.8023766866105849E-3,7.0576479790583043E-3]
[900,1.3218221797725549E-2,2.7817229730943478E-2,4.3866151990812438E-2,6.6165379933572924E-2,3.1447300574833394E-2,4.7493797872556386E-2,6.9793025815316864E-2,5.0983014456262681E-5,1.1178478680785028E-4,1.7905719636857455E-4,2.8647167895715054E-4,1.2926070053473912E-4,1.9653311009546338E-4,3.0394759268403943E-4,2.2320195538061993E-3,9.8842186794935189E-4,2.2320195538061993E-3,2.5605538657332912E-3,2.2320195538061993E-3,4.088418257970362E-3,2.2320195538061993E-3,6.9997484830162191E-3,5.664672411661101E-3,2.5605538657332916E-3,5.664672411661101E-3,4.0884396640264884E-3,5.664672411661101E-3,6.9997484830162182E-3,1.0899462092430205E-3,2.2937490806895912E-3,3.6171087766654927E-3,5.4558552689841465E-3,2.5930769340217412E-3,3.9162366728219345E-3,5.7549831651405904E-3]
[1000,1.1013570687379383E-2,2.3177234179455095E-2,3.6561548965124702E-2,5.5145799711409038E-2,2.6207376671967118E-2,3.9589667259995069E-2,5.8173918006279433E-2,4.2486029519310003E-5,9.3149643845944101E-5,1.4926543087622694E-4,2.3878501798177824E-4,1.077373780959388E-4,1.6385316512622166E-4,2.5337275223177299E-4,1.9296471110774212E-3,8.538774114076708E-4,1.9178949821020582E-3,2.2262267782534153E-3,1.9178949821020582E-3,3.5453530688244602E-3,1.9178949821020582E-3,6.0700250699904377E-3,4.8972773270385562E-3,2.2122118374688889E-3,4.8972773270385562E-3,3.5327654782275585E-3,4.8972773270385562E-3,6.048363632816434E-3,9.0815540884665478E-4,1.9111450028007288E-3,3.0147868834707959E-3,4.547204326792848E-3,2.1610040514473462E-3,3.2644790211228758E-3,4.796896464444928E-3]